{"id":13302,"date":"2019-05-31T20:07:48","date_gmt":"2019-05-31T20:07:48","guid":{"rendered":"http:\/\/www2.tecdmx.org.mx\/?page_id=13302"},"modified":"2021-02-25T10:49:31","modified_gmt":"2021-02-25T16:49:31","slug":"magistrado-gustavo-anzaldo-hernandez","status":"publish","type":"page","link":"https:\/\/www.tecdmx.org.mx\/index.php\/magistrado-gustavo-anzaldo-hernandez\/","title":{"rendered":"Magistrado Gustavo Anzaldo Hern\u00e1ndez"},"content":{"rendered":"<h1 style=\"text-align: center;\"><strong>Gustavo Anzaldo Hern\u00e1ndez<\/strong><\/h1>\n<h2 style=\"text-align: center;\"><strong>Magistrado Presidente<\/strong><\/h2>\n<p><img loading=\"lazy\" decoding=\"async\" class=\"aligncenter wp-image-15192\" src=\"https:\/\/www.tecdmx.org.mx\/wp-content\/uploads\/2019\/11\/Mag__Chavez_OK.jpg\" alt=\"\" width=\"500\" height=\"333\" \/><\/p>\n<p><img loading=\"lazy\" decoding=\"async\" class=\"aligncenter wp-image-15298 size-medium\" src=\"https:\/\/www.tecdmx.org.mx\/wp-content\/uploads\/2019\/11\/machc1-446x138.jpg\" alt=\"\" width=\"446\" height=\"138\" \/><\/p>\n<p class=\"p1\">Licenciado y Maestro en Derecho por la Universidad Nacional Aut\u00f3noma de M\u00e9xico.<\/p>\n<p class=\"p1\">En 2018 asumi\u00f3 la presidencia del Tribunal Electoral de la Ciudad de M\u00e9xico, \u00f3rgano jurisdiccional del que forma parte como Magistrado desde 2014. Tambi\u00e9n ejerci\u00f3 el cargo de Secretario T\u00e9cnico.<\/p>\n<p class=\"p1\">Fue Consejero Presidente del Instituto Electoral local y Consejero Electoral Distrital adscrito al XIII Distrito Uninominal del DF.<\/p>\n<p class=\"p1\">Ha sido conferencista en diversos foros y profesor adjunto en la Facultad de Derecho de la UNAM.<span class=\"Apple-converted-space\">\u00a0<\/span><\/p>\n<hr \/>\n<p><strong>Contacto:<\/strong><\/p>\n<p><span style=\"font-family: 'Segoe UI Symbol',sans-serif; mso-bidi-font-family: 'Segoe UI Symbol';\">&#x1f4e7;<\/span> <a href=\"mailto:gustavo.anzaldo@tecdmx.org.mx\">gustavo.anzaldo@tecdmx.org.mx<\/a><\/p>\n<p>&#x260e; 5553404600 Ext. 1201<\/p>\n<hr \/>\n<h1>Atribuciones del Magistrado Presidente del TECDMX<!--more--><\/h1>\n<p>I. Representar legalmente al Tribunal Electoral, suscribir convenios informando de ello al Pleno, otorgar todo tipo de poderes y realizar los actos jur\u00eddicos y administrativos que se requieran para el buen funcionamiento de la instituci\u00f3n;<\/p>\n<p>II. Convocar a las Magistradas y Magistrados Electorales a sesiones p\u00fablicas y reuniones privadas;<\/p>\n<p>III. Presidir las sesiones y reuniones del Pleno, as\u00ed como dirigir los debates y conservar el orden durante las mismas. En las sesiones p\u00fablicas, cuando los asistentes no guarden la compostura debida, podr\u00e1 ordenar el desalojo de los presentes y, de ser necesario, la continuaci\u00f3n de la sesi\u00f3n en privado;<\/p>\n<p>IV. Proponer al Pleno el nombramiento y remoci\u00f3n de las personas titulares de la Secretar\u00eda General, de la Secretar\u00eda Administrativa, de la Direcci\u00f3n General Jur\u00eddica, del Instituto de Formaci\u00f3n y Capacitaci\u00f3n, de las Coordinaciones, y de la Unidad Especializada de Procedimientos Sancionadores, garantizando la equidad de g\u00e9nero;<\/p>\n<p>V. Coordinar los trabajos de los \u00f3rganos del Tribunal Electoral, aplicando los programas, pol\u00edticas y procedimientos institucionales, informando de ello al Pleno, cada seis meses;<\/p>\n<p>VI. Vigilar, con el apoyo del titular de la Secretar\u00eda General, que se cumplan, seg\u00fan corresponda, las determinaciones del Pleno y de las Magistradas y Magistrados Electorales;<\/p>\n<p>VII. Proponer al Pleno el Programa Operativo Anual y el anteproyecto de Presupuesto de Egresos del Tribunal Electoral;<\/p>\n<p>VIII. Turnar a las Magistradas y Magistrados Electorales, de conformidad con lo dispuesto en el Reglamento Interior del Tribunal Electoral, los juicios para que los sustancien y formulen los proyectos de resoluci\u00f3n;<\/p>\n<p>IX. Informar al Pleno sobre el cumplimiento de las sentencias del Tribunal, a fin de que se determine lo procedente;<\/p>\n<p>X. Rendir anualmente ante el Pleno, un informe de actividades donde se exponga el estado general del Tribunal;<\/p>\n<p>XI. Suscribir convenios de colaboraci\u00f3n con otros Tribunales, organismos y autoridades, sean nacionales o internacionales, informando de ello al Pleno;<\/p>\n<p>XII. Proveer lo necesario a fin de cubrir las ausencias temporales de las y los titulares de la Secretar\u00eda General, de la Secretar\u00eda Administrativa, de la Direcci\u00f3n General Jur\u00eddica, de las Coordinaciones, de la Defensor\u00eda P\u00fablica Electoral y de Procesos Democr\u00e1ticos, y de la Unidad Especializada de Procedimientos Sancionadores, designando a los respectivos encargados del despacho;<\/p>\n<p>XIII. Vigilar la oportuna integraci\u00f3n y adecuado funcionamiento de los \u00f3rganos del Tribunal;<\/p>\n<p>XIV. Ordenar la publicaci\u00f3n de las tesis relevantes y de jurisprudencia que apruebe el Pleno, dentro de los seis meses posteriores a la conclusi\u00f3n de los procesos electorales o procedimientos de participaci\u00f3n ciudadana;<\/p>\n<p>XV. Acordar con titulares de los \u00f3rganos del Tribunal Electoral, los asuntos de su competencia;<\/p>\n<p>XVI. Dictar y ejecutar las medidas necesarias para el despacho pronto y expedito de los asuntos propios del Tribunal;<\/p>\n<p>XVII. Comunicar a la C\u00e1mara de Senadores la ausencia definitiva de alg\u00fan Magistrada o Magistrado Electoral;<\/p>\n<p>XVIII. Comunicar al Congreso de la Ciudad de M\u00e9xico la ausencia definitiva del titular de la Contralor\u00eda Interna;<\/p>\n<p>XIX. Habilitar como actuarios a los secretarios y secretarias auxiliares y dem\u00e1s personal jur\u00eddico que cumpla con los requisitos, en los casos que exista necesidad del despacho pronto y expedito de los asuntos;<\/p>\n<p>XX. Las dem\u00e1s que prevea la Ley Electoral, este C\u00f3digo, la Ley Procesal Electoral y el Reglamento Interior del Tribunal, as\u00ed como las que resulten necesarias para el adecuado funcionamiento del Tribunal; y<\/p>\n<p>XXI. Proponer al Congreso de la Ciudad de M\u00e9xico una terna para la elecci\u00f3n de la persona titular de la Defensor\u00eda P\u00fablica de Participaci\u00f3n Ciudadana y de Procesos Democr\u00e1ticos.<\/p>\n<p>\u2013 \u2013 \u2013 \u2013 \u2013 \u2013 \u2013 \u2013 \u2013 \u2013 \u2013<\/p>\n<p><strong><em>Art\u00edculo 184 del C\u00f3digo de Instituciones y Procedimientos Electorales de la Ciudad de M\u00e9xico<\/em><\/strong><\/p>\n<hr \/>\n<h1>Atribuciones de Magistradas y Magistrados<\/h1>\n<p>I. Concurrir, participar y votar, cuando corresponda, en las sesiones p\u00fablicas y reuniones privadas a las que sean convocados por la o el Presidente del Tribunal;<\/p>\n<p>II. Integrar el Pleno para resolver colegiadamente los asuntos de su competencia;<\/p>\n<p>III. Llevar a cabo todos los actos y diligencias que sean necesarias para la substanciaci\u00f3n de los medios de impugnaci\u00f3n, juicios especiales laborales y de inconformidad administrativa que les sean turnados, hasta la resoluci\u00f3n definitiva y, en su caso, las tendentes al cumplimiento de las mismas;<\/p>\n<p>IV. Formular los proyectos de resoluci\u00f3n de los juicios que les sean turnados para tal efecto;<\/p>\n<p>V. Exponer en sesi\u00f3n p\u00fablica, personalmente o por conducto de una o un Secretario de Estudio y Cuenta, sus proyectos de resoluci\u00f3n, se\u00f1alando las consideraciones jur\u00eddicas y los preceptos en que se funden;<\/p>\n<p>VI. Discutir y votar los proyectos de resoluci\u00f3n que sean sometidos a su consideraci\u00f3n en las sesiones p\u00fablicas;<\/p>\n<p>VII. Formular voto particular razonado en sus distintas modalidades, en caso de disentir de un proyecto de resoluci\u00f3n aprobado por la mayor\u00eda y solicitar que se agregue a la sentencia;<\/p>\n<p>VIII. Realizar los engroses de los fallos aprobados por el Pleno, cuando sean designados para tales efectos;<\/p>\n<p>IX. Proponer el texto y rubro de los criterios jurisprudenciales y relevantes definidos por el Pleno, de conformidad con lo dispuesto en el C\u00f3digo;<\/p>\n<p>X. Realizar tareas de docencia e investigaci\u00f3n en el Tribunal Electoral;<\/p>\n<p>XI. Proveer sobre las pruebas que se ofrezcan por las partes en los juicios que le sean turnados e, inclusive, presidir las audiencias que sean necesarias para su desahogo;<\/p>\n<p>XII. Requerir cualquier informe o documento que pueda ser tomado en cuenta para la substanciaci\u00f3n o resoluci\u00f3n de los juicios, siempre que obren en poder del Instituto Electoral, de las autoridades federales, de la Ciudad de M\u00e9xico, estatales o municipales, y ello no sea obst\u00e1culo para resolver dentro de los plazos establecidos por este C\u00f3digo;<\/p>\n<p>XIII. Ordenar que se notifiquen los autos que dicten durante la substanciaci\u00f3n de un juicio, en forma y t\u00e9rminos previstos por la Ley Procesal;<\/p>\n<p>XIV. Solicitar a los \u00f3rganos del Tribunal, el apoyo necesario para el correcto ejercicio de sus funciones jurisdiccionales;<\/p>\n<p>XV. Nombrar y remover al personal jur\u00eddico y administrativo de su ponencia, procurando la equidad de g\u00e9nero; y<\/p>\n<p>XVI. Las dem\u00e1s que prevea este C\u00f3digo, la Ley Procesal y el Reglamento Interior del Tribunal Electoral.<\/p>\n<p>\u2013 \u2013 \u2013 \u2013 \u2013 \u2013 \u2013 \u2013 \u2013 \u2013 \u2013<\/p>\n<p><strong><em>Art\u00edculo 185 del C\u00f3digo de Instituciones y Procedimientos Electorales de la Ciudad de M\u00e9xico<\/em><\/strong><\/p>\n","protected":false},"excerpt":{"rendered":"<p>Gustavo Anzaldo Hern\u00e1ndez Magistrado Presidente Licenciado y Maestro en Derecho por la Universidad Nacional Aut\u00f3noma de M\u00e9xico. En 2018 asumi\u00f3 la presidencia del Tribunal Electoral de la Ciudad de M\u00e9xico, [&hellip;]<\/p>\n","protected":false},"author":13,"featured_media":0,"parent":0,"menu_order":0,"comment_status":"closed","ping_status":"closed","template":"page-templates\/page-full-width.php","meta":{"_acf_changed":false,"_exactmetrics_skip_tracking":false,"_exactmetrics_sitenote_active":false,"_exactmetrics_sitenote_note":"","_exactmetrics_sitenote_category":0,"footnotes":""},"acf":[],"yoast_head":"<!-- This site is optimized with the Yoast SEO plugin v22.3 - https:\/\/yoast.com\/wordpress\/plugins\/seo\/ -->\n<title>Magistrado Gustavo Anzaldo Hern\u00e1ndez - Tribunal Electoral de la Ciudad de M\u00e9xico<\/title>\n<meta name=\"robots\" content=\"index, follow, max-snippet:-1, max-image-preview:large, max-video-preview:-1\" \/>\n<link rel=\"canonical\" href=\"https:\/\/www.tecdmx.org.mx\/index.php\/magistrado-gustavo-anzaldo-hernandez\/\" \/>\n<meta property=\"og:locale\" content=\"es_ES\" \/>\n<meta property=\"og:type\" content=\"article\" \/>\n<meta property=\"og:title\" content=\"Magistrado Gustavo Anzaldo Hern\u00e1ndez - Tribunal Electoral de la Ciudad de M\u00e9xico\" \/>\n<meta property=\"og:description\" content=\"Gustavo Anzaldo Hern\u00e1ndez Magistrado Presidente Licenciado y Maestro en Derecho por la Universidad Nacional Aut\u00f3noma de M\u00e9xico. En 2018 asumi\u00f3 la presidencia del Tribunal Electoral de la Ciudad de M\u00e9xico, [&hellip;]\" \/>\n<meta property=\"og:url\" content=\"https:\/\/www.tecdmx.org.mx\/index.php\/magistrado-gustavo-anzaldo-hernandez\/\" \/>\n<meta property=\"og:site_name\" content=\"Tribunal Electoral de la Ciudad de M\u00e9xico\" \/>\n<meta property=\"article:publisher\" content=\"https:\/\/www.facebook.com\/TECDMX\/\" \/>\n<meta property=\"article:modified_time\" content=\"2021-02-25T16:49:31+00:00\" \/>\n<meta property=\"og:image\" content=\"https:\/\/www.tecdmx.org.mx\/wp-content\/uploads\/2019\/07\/GAH_web.jpg\" \/>\n<meta name=\"twitter:card\" content=\"summary_large_image\" \/>\n<meta name=\"twitter:site\" content=\"@tecdmx\" \/>\n<meta name=\"twitter:label1\" content=\"Tiempo de lectura\" \/>\n\t<meta name=\"twitter:data1\" content=\"6 minutos\" \/>\n<script type=\"application\/ld+json\" class=\"yoast-schema-graph\">{\"@context\":\"https:\/\/schema.org\",\"@graph\":[{\"@type\":\"WebPage\",\"@id\":\"https:\/\/www.tecdmx.org.mx\/index.php\/magistrado-gustavo-anzaldo-hernandez\/\",\"url\":\"https:\/\/www.tecdmx.org.mx\/index.php\/magistrado-gustavo-anzaldo-hernandez\/\",\"name\":\"Magistrado Gustavo Anzaldo Hern\u00e1ndez - Tribunal Electoral de la Ciudad de M\u00e9xico\",\"isPartOf\":{\"@id\":\"https:\/\/www.tecdmx.org.mx\/#website\"},\"primaryImageOfPage\":{\"@id\":\"https:\/\/www.tecdmx.org.mx\/index.php\/magistrado-gustavo-anzaldo-hernandez\/#primaryimage\"},\"image\":{\"@id\":\"https:\/\/www.tecdmx.org.mx\/index.php\/magistrado-gustavo-anzaldo-hernandez\/#primaryimage\"},\"thumbnailUrl\":\"https:\/\/www.tecdmx.org.mx\/wp-content\/uploads\/2019\/07\/GAH_web.jpg\",\"datePublished\":\"2019-05-31T20:07:48+00:00\",\"dateModified\":\"2021-02-25T16:49:31+00:00\",\"breadcrumb\":{\"@id\":\"https:\/\/www.tecdmx.org.mx\/index.php\/magistrado-gustavo-anzaldo-hernandez\/#breadcrumb\"},\"inLanguage\":\"es\",\"potentialAction\":[{\"@type\":\"ReadAction\",\"target\":[\"https:\/\/www.tecdmx.org.mx\/index.php\/magistrado-gustavo-anzaldo-hernandez\/\"]}]},{\"@type\":\"ImageObject\",\"inLanguage\":\"es\",\"@id\":\"https:\/\/www.tecdmx.org.mx\/index.php\/magistrado-gustavo-anzaldo-hernandez\/#primaryimage\",\"url\":\"https:\/\/www.tecdmx.org.mx\/wp-content\/uploads\/2019\/07\/GAH_web.jpg\",\"contentUrl\":\"https:\/\/www.tecdmx.org.mx\/wp-content\/uploads\/2019\/07\/GAH_web.jpg\"},{\"@type\":\"BreadcrumbList\",\"@id\":\"https:\/\/www.tecdmx.org.mx\/index.php\/magistrado-gustavo-anzaldo-hernandez\/#breadcrumb\",\"itemListElement\":[{\"@type\":\"ListItem\",\"position\":1,\"name\":\"Portada\",\"item\":\"https:\/\/www.tecdmx.org.mx\/\"},{\"@type\":\"ListItem\",\"position\":2,\"name\":\"Magistrado Gustavo Anzaldo Hern\u00e1ndez\"}]},{\"@type\":\"WebSite\",\"@id\":\"https:\/\/www.tecdmx.org.mx\/#website\",\"url\":\"https:\/\/www.tecdmx.org.mx\/\",\"name\":\"Tribunal Electoral de la Ciudad de M\u00e9xico\",\"description\":\"25 a\u00f1os garantizando justicia en tu elecci\u00f3n\",\"potentialAction\":[{\"@type\":\"SearchAction\",\"target\":{\"@type\":\"EntryPoint\",\"urlTemplate\":\"https:\/\/www.tecdmx.org.mx\/?s={search_term_string}\"},\"query-input\":\"required name=search_term_string\"}],\"inLanguage\":\"es\"}]}<\/script>\n<!-- \/ Yoast SEO plugin. -->","yoast_head_json":{"title":"Magistrado Gustavo Anzaldo Hern\u00e1ndez - Tribunal Electoral de la Ciudad de M\u00e9xico","robots":{"index":"index","follow":"follow","max-snippet":"max-snippet:-1","max-image-preview":"max-image-preview:large","max-video-preview":"max-video-preview:-1"},"canonical":"https:\/\/www.tecdmx.org.mx\/index.php\/magistrado-gustavo-anzaldo-hernandez\/","og_locale":"es_ES","og_type":"article","og_title":"Magistrado Gustavo Anzaldo Hern\u00e1ndez - Tribunal Electoral de la Ciudad de M\u00e9xico","og_description":"Gustavo Anzaldo Hern\u00e1ndez Magistrado Presidente Licenciado y Maestro en Derecho por la Universidad Nacional Aut\u00f3noma de M\u00e9xico. En 2018 asumi\u00f3 la presidencia del Tribunal Electoral de la Ciudad de M\u00e9xico, [&hellip;]","og_url":"https:\/\/www.tecdmx.org.mx\/index.php\/magistrado-gustavo-anzaldo-hernandez\/","og_site_name":"Tribunal Electoral de la Ciudad de M\u00e9xico","article_publisher":"https:\/\/www.facebook.com\/TECDMX\/","article_modified_time":"2021-02-25T16:49:31+00:00","og_image":[{"url":"https:\/\/www.tecdmx.org.mx\/wp-content\/uploads\/2019\/07\/GAH_web.jpg"}],"twitter_card":"summary_large_image","twitter_site":"@tecdmx","twitter_misc":{"Tiempo de lectura":"6 minutos"},"schema":{"@context":"https:\/\/schema.org","@graph":[{"@type":"WebPage","@id":"https:\/\/www.tecdmx.org.mx\/index.php\/magistrado-gustavo-anzaldo-hernandez\/","url":"https:\/\/www.tecdmx.org.mx\/index.php\/magistrado-gustavo-anzaldo-hernandez\/","name":"Magistrado Gustavo Anzaldo Hern\u00e1ndez - Tribunal Electoral de la Ciudad de M\u00e9xico","isPartOf":{"@id":"https:\/\/www.tecdmx.org.mx\/#website"},"primaryImageOfPage":{"@id":"https:\/\/www.tecdmx.org.mx\/index.php\/magistrado-gustavo-anzaldo-hernandez\/#primaryimage"},"image":{"@id":"https:\/\/www.tecdmx.org.mx\/index.php\/magistrado-gustavo-anzaldo-hernandez\/#primaryimage"},"thumbnailUrl":"https:\/\/www.tecdmx.org.mx\/wp-content\/uploads\/2019\/07\/GAH_web.jpg","datePublished":"2019-05-31T20:07:48+00:00","dateModified":"2021-02-25T16:49:31+00:00","breadcrumb":{"@id":"https:\/\/www.tecdmx.org.mx\/index.php\/magistrado-gustavo-anzaldo-hernandez\/#breadcrumb"},"inLanguage":"es","potentialAction":[{"@type":"ReadAction","target":["https:\/\/www.tecdmx.org.mx\/index.php\/magistrado-gustavo-anzaldo-hernandez\/"]}]},{"@type":"ImageObject","inLanguage":"es","@id":"https:\/\/www.tecdmx.org.mx\/index.php\/magistrado-gustavo-anzaldo-hernandez\/#primaryimage","url":"https:\/\/www.tecdmx.org.mx\/wp-content\/uploads\/2019\/07\/GAH_web.jpg","contentUrl":"https:\/\/www.tecdmx.org.mx\/wp-content\/uploads\/2019\/07\/GAH_web.jpg"},{"@type":"BreadcrumbList","@id":"https:\/\/www.tecdmx.org.mx\/index.php\/magistrado-gustavo-anzaldo-hernandez\/#breadcrumb","itemListElement":[{"@type":"ListItem","position":1,"name":"Portada","item":"https:\/\/www.tecdmx.org.mx\/"},{"@type":"ListItem","position":2,"name":"Magistrado Gustavo Anzaldo Hern\u00e1ndez"}]},{"@type":"WebSite","@id":"https:\/\/www.tecdmx.org.mx\/#website","url":"https:\/\/www.tecdmx.org.mx\/","name":"Tribunal Electoral de la Ciudad de M\u00e9xico","description":"25 a\u00f1os garantizando justicia en tu elecci\u00f3n","potentialAction":[{"@type":"SearchAction","target":{"@type":"EntryPoint","urlTemplate":"https:\/\/www.tecdmx.org.mx\/?s={search_term_string}"},"query-input":"required name=search_term_string"}],"inLanguage":"es"}]}},"_links":{"self":[{"href":"https:\/\/www.tecdmx.org.mx\/index.php\/wp-json\/wp\/v2\/pages\/13302"}],"collection":[{"href":"https:\/\/www.tecdmx.org.mx\/index.php\/wp-json\/wp\/v2\/pages"}],"about":[{"href":"https:\/\/www.tecdmx.org.mx\/index.php\/wp-json\/wp\/v2\/types\/page"}],"author":[{"embeddable":true,"href":"https:\/\/www.tecdmx.org.mx\/index.php\/wp-json\/wp\/v2\/users\/13"}],"replies":[{"embeddable":true,"href":"https:\/\/www.tecdmx.org.mx\/index.php\/wp-json\/wp\/v2\/comments?post=13302"}],"version-history":[{"count":22,"href":"https:\/\/www.tecdmx.org.mx\/index.php\/wp-json\/wp\/v2\/pages\/13302\/revisions"}],"predecessor-version":[{"id":24961,"href":"https:\/\/www.tecdmx.org.mx\/index.php\/wp-json\/wp\/v2\/pages\/13302\/revisions\/24961"}],"wp:attachment":[{"href":"https:\/\/www.tecdmx.org.mx\/index.php\/wp-json\/wp\/v2\/media?parent=13302"}],"curies":[{"name":"wp","href":"https:\/\/api.w.org\/{rel}","templated":true}]}}