{"id":13346,"date":"2019-05-31T21:40:31","date_gmt":"2019-05-31T21:40:31","guid":{"rendered":"http:\/\/www2.tecdmx.org.mx\/?page_id=13346"},"modified":"2026-01-06T11:47:13","modified_gmt":"2026-01-06T17:47:13","slug":"direccion-general-juridica","status":"publish","type":"page","link":"https:\/\/www.tecdmx.org.mx\/index.php\/direccion-general-juridica\/","title":{"rendered":"Direcci\u00f3n General Jur\u00eddica"},"content":{"rendered":"\n<h1 class=\"wp-block-heading has-text-align-center\">Direcci\u00f3n General Jur\u00eddica<\/h1>\n\n\n\n<div class=\"wp-block-group alignwide is-layout-constrained wp-block-group-is-layout-constrained\"><div class=\"wp-block-group__inner-container\">\n<div class=\"wp-block-media-text alignwide is-stacked-on-mobile\" style=\"grid-template-columns:20% auto\"><figure class=\"wp-block-media-text__media\"><img loading=\"lazy\" decoding=\"async\" width=\"350\" height=\"350\" src=\"https:\/\/www.tecdmx.org.mx\/wp-content\/uploads\/2026\/01\/fondo-bco.jpg\" alt=\"\" class=\"wp-image-60407 size-full\" srcset=\"https:\/\/www.tecdmx.org.mx\/wp-content\/uploads\/2026\/01\/fondo-bco-250x250.jpg 250w, https:\/\/www.tecdmx.org.mx\/wp-content\/uploads\/2026\/01\/fondo-bco.jpg 350w, https:\/\/www.tecdmx.org.mx\/wp-content\/uploads\/2026\/01\/fondo-bco-110x110.jpg 110w, https:\/\/www.tecdmx.org.mx\/wp-content\/uploads\/2026\/01\/fondo-bco.jpg 400w\" sizes=\"(max-width: 350px) 100vw, 350px\" \/><\/figure><div class=\"wp-block-media-text__content\">\n<p class=\"has-medium-font-size\"><strong>Leopoldo Alberto Sales Rivero<\/strong><\/p>\n\n\n\n<p class=\"has-medium-font-size\"><strong>Director General Jur\u00eddico<\/strong><\/p>\n\n\n\n<p class=\"has-normal-font-size\"><a href=\"mailto:leopoldo.sales@tecdmx.org.mx\" target=\"_blank\" rel=\"noreferrer noopener\">leopoldo.sales@tecdmx.org.mx<\/a><\/p>\n\n\n\n<p class=\"has-normal-font-size\">(55) 5340 4600  Ext. <\/p>\n<\/div><\/div>\n<\/div><\/div>\n\n\n\n<hr class=\"wp-block-separator has-css-opacity is-style-wide\"\/>\n\n\n\n<h1 class=\"wp-block-heading\"><strong>Atribuciones:<\/strong><\/h1>\n\n\n\n<p>I. Formular y proponer al Pleno el Proyecto de Reglamento Interior del Tribunal Electoral; <\/p>\n\n\n\n<p>II. Proponer al Pleno los proyectos de normatividad vinculada al cumplimiento de las obligaciones establecidas en las Leyes en materia de Transparencia, Protecci\u00f3n de Datos Personales y Archivos; <\/p>\n\n\n\n<p>III. Comparecer ante los \u00f3rganos jurisdiccionales, en los que se sustancien juicios o medios de impugnaci\u00f3n contra el Tribunal Electoral y desahogar todas las diligencias tendentes a defender sus derechos e intereses; <\/p>\n\n\n\n<p>IV. Elaborar y presentar al Pleno, por conducto de la Secretar\u00eda General, informes trimestrales sobre las resoluciones que emitan los Tribunales respecto de juicios iniciados con motivo de actos emitidos por el Tribunal Electoral o en los que \u00e9ste tenga alg\u00fan v\u00ednculo; <\/p>\n\n\n\n<p>V. Promover las acciones legales que resulten procedentes ante las instancias administrativas y jurisdiccionales, para la defensa de los derechos e intereses del Tribunal Electoral; <\/p>\n\n\n\n<p>VI. Emitir las opiniones respecto de asuntos, que le sean requeridas por el Pleno o el Presidente; <\/p>\n\n\n\n<p>VII. Preparar los proyectos de convenios de apoyo y colaboraci\u00f3n que le solicite el Magistrado Presidente, y los de los contratos en que sea parte el Tribunal Electoral; y <\/p>\n\n\n\n<p>VIII. Las dem\u00e1s que le sean conferidas en el Reglamento Interior del Tribunal Electoral. <\/p>\n\n\n\n<p>\u2013 \u2013 \u2013 \u2013 \u2013 \u2013 \u2013 \u2013 \u2013 \u2013 \u2013&nbsp;<\/p>\n\n\n\n<p><strong><em>Art\u00edculo 210 del C\u00f3digo de Instituciones y Procedimientos Electorales de la Ciudad de M\u00e9xico<\/em><\/strong><\/p>\n\n\n\n<hr class=\"wp-block-separator has-css-opacity\"\/>\n","protected":false},"excerpt":{"rendered":"<p>Direcci\u00f3n General Jur\u00eddica Leopoldo Alberto Sales Rivero Director General Jur\u00eddico leopoldo.sales@tecdmx.org.mx (55) 5340 4600 Ext. Atribuciones: I. Formular y proponer al Pleno el Proyecto de Reglamento Interior del Tribunal Electoral; [&hellip;]<\/p>\n","protected":false},"author":13,"featured_media":0,"parent":0,"menu_order":0,"comment_status":"closed","ping_status":"closed","template":"","meta":{"_acf_changed":false,"_exactmetrics_skip_tracking":false,"_exactmetrics_sitenote_active":false,"_exactmetrics_sitenote_note":"","_exactmetrics_sitenote_category":0,"footnotes":""},"acf":[],"yoast_head":"<!-- This site is optimized with the Yoast SEO plugin v22.3 - https:\/\/yoast.com\/wordpress\/plugins\/seo\/ -->\n<title>Direcci\u00f3n General Jur\u00eddica - Tribunal Electoral de la Ciudad de M\u00e9xico<\/title>\n<meta name=\"robots\" content=\"index, follow, max-snippet:-1, max-image-preview:large, max-video-preview:-1\" \/>\n<link rel=\"canonical\" href=\"https:\/\/www.tecdmx.org.mx\/index.php\/direccion-general-juridica\/\" \/>\n<meta property=\"og:locale\" content=\"es_ES\" \/>\n<meta property=\"og:type\" content=\"article\" \/>\n<meta property=\"og:title\" content=\"Direcci\u00f3n General Jur\u00eddica - Tribunal Electoral de la Ciudad de M\u00e9xico\" \/>\n<meta property=\"og:description\" content=\"Direcci\u00f3n General Jur\u00eddica Leopoldo Alberto Sales Rivero Director General Jur\u00eddico leopoldo.sales@tecdmx.org.mx (55) 5340 4600 Ext. Atribuciones: I. Formular y proponer al Pleno el Proyecto de Reglamento Interior del Tribunal Electoral; [&hellip;]\" \/>\n<meta property=\"og:url\" content=\"https:\/\/www.tecdmx.org.mx\/index.php\/direccion-general-juridica\/\" \/>\n<meta property=\"og:site_name\" content=\"Tribunal Electoral de la Ciudad de M\u00e9xico\" \/>\n<meta property=\"article:publisher\" content=\"https:\/\/www.facebook.com\/TECDMX\/\" \/>\n<meta property=\"article:modified_time\" content=\"2026-01-06T17:47:13+00:00\" \/>\n<meta property=\"og:image\" content=\"https:\/\/www.tecdmx.org.mx\/wp-content\/uploads\/2026\/01\/fondo-bco-350x350.jpg\" \/>\n<meta name=\"twitter:card\" content=\"summary_large_image\" \/>\n<meta name=\"twitter:site\" content=\"@tecdmx\" \/>\n<meta name=\"twitter:label1\" content=\"Tiempo de lectura\" \/>\n\t<meta name=\"twitter:data1\" content=\"2 minutos\" \/>\n<script type=\"application\/ld+json\" class=\"yoast-schema-graph\">{\"@context\":\"https:\/\/schema.org\",\"@graph\":[{\"@type\":\"WebPage\",\"@id\":\"https:\/\/www.tecdmx.org.mx\/index.php\/direccion-general-juridica\/\",\"url\":\"https:\/\/www.tecdmx.org.mx\/index.php\/direccion-general-juridica\/\",\"name\":\"Direcci\u00f3n General Jur\u00eddica - Tribunal Electoral de la Ciudad de M\u00e9xico\",\"isPartOf\":{\"@id\":\"https:\/\/www.tecdmx.org.mx\/#website\"},\"primaryImageOfPage\":{\"@id\":\"https:\/\/www.tecdmx.org.mx\/index.php\/direccion-general-juridica\/#primaryimage\"},\"image\":{\"@id\":\"https:\/\/www.tecdmx.org.mx\/index.php\/direccion-general-juridica\/#primaryimage\"},\"thumbnailUrl\":\"https:\/\/www.tecdmx.org.mx\/wp-content\/uploads\/2026\/01\/fondo-bco-350x350.jpg\",\"datePublished\":\"2019-05-31T21:40:31+00:00\",\"dateModified\":\"2026-01-06T17:47:13+00:00\",\"breadcrumb\":{\"@id\":\"https:\/\/www.tecdmx.org.mx\/index.php\/direccion-general-juridica\/#breadcrumb\"},\"inLanguage\":\"es\",\"potentialAction\":[{\"@type\":\"ReadAction\",\"target\":[\"https:\/\/www.tecdmx.org.mx\/index.php\/direccion-general-juridica\/\"]}]},{\"@type\":\"ImageObject\",\"inLanguage\":\"es\",\"@id\":\"https:\/\/www.tecdmx.org.mx\/index.php\/direccion-general-juridica\/#primaryimage\",\"url\":\"https:\/\/www.tecdmx.org.mx\/wp-content\/uploads\/2026\/01\/fondo-bco.jpg\",\"contentUrl\":\"https:\/\/www.tecdmx.org.mx\/wp-content\/uploads\/2026\/01\/fondo-bco.jpg\",\"width\":400,\"height\":400},{\"@type\":\"BreadcrumbList\",\"@id\":\"https:\/\/www.tecdmx.org.mx\/index.php\/direccion-general-juridica\/#breadcrumb\",\"itemListElement\":[{\"@type\":\"ListItem\",\"position\":1,\"name\":\"Portada\",\"item\":\"https:\/\/www.tecdmx.org.mx\/\"},{\"@type\":\"ListItem\",\"position\":2,\"name\":\"Direcci\u00f3n General Jur\u00eddica\"}]},{\"@type\":\"WebSite\",\"@id\":\"https:\/\/www.tecdmx.org.mx\/#website\",\"url\":\"https:\/\/www.tecdmx.org.mx\/\",\"name\":\"Tribunal Electoral de la Ciudad de M\u00e9xico\",\"description\":\"25 a\u00f1os garantizando justicia en tu elecci\u00f3n\",\"potentialAction\":[{\"@type\":\"SearchAction\",\"target\":{\"@type\":\"EntryPoint\",\"urlTemplate\":\"https:\/\/www.tecdmx.org.mx\/?s={search_term_string}\"},\"query-input\":\"required name=search_term_string\"}],\"inLanguage\":\"es\"}]}<\/script>\n<!-- \/ Yoast SEO plugin. -->","yoast_head_json":{"title":"Direcci\u00f3n General Jur\u00eddica - Tribunal Electoral de la Ciudad de M\u00e9xico","robots":{"index":"index","follow":"follow","max-snippet":"max-snippet:-1","max-image-preview":"max-image-preview:large","max-video-preview":"max-video-preview:-1"},"canonical":"https:\/\/www.tecdmx.org.mx\/index.php\/direccion-general-juridica\/","og_locale":"es_ES","og_type":"article","og_title":"Direcci\u00f3n General Jur\u00eddica - Tribunal Electoral de la Ciudad de M\u00e9xico","og_description":"Direcci\u00f3n General Jur\u00eddica Leopoldo Alberto Sales Rivero Director General Jur\u00eddico leopoldo.sales@tecdmx.org.mx (55) 5340 4600 Ext. Atribuciones: I. Formular y proponer al Pleno el Proyecto de Reglamento Interior del Tribunal Electoral; [&hellip;]","og_url":"https:\/\/www.tecdmx.org.mx\/index.php\/direccion-general-juridica\/","og_site_name":"Tribunal Electoral de la Ciudad de M\u00e9xico","article_publisher":"https:\/\/www.facebook.com\/TECDMX\/","article_modified_time":"2026-01-06T17:47:13+00:00","og_image":[{"url":"https:\/\/www.tecdmx.org.mx\/wp-content\/uploads\/2026\/01\/fondo-bco-350x350.jpg"}],"twitter_card":"summary_large_image","twitter_site":"@tecdmx","twitter_misc":{"Tiempo de lectura":"2 minutos"},"schema":{"@context":"https:\/\/schema.org","@graph":[{"@type":"WebPage","@id":"https:\/\/www.tecdmx.org.mx\/index.php\/direccion-general-juridica\/","url":"https:\/\/www.tecdmx.org.mx\/index.php\/direccion-general-juridica\/","name":"Direcci\u00f3n General Jur\u00eddica - Tribunal Electoral de la Ciudad de M\u00e9xico","isPartOf":{"@id":"https:\/\/www.tecdmx.org.mx\/#website"},"primaryImageOfPage":{"@id":"https:\/\/www.tecdmx.org.mx\/index.php\/direccion-general-juridica\/#primaryimage"},"image":{"@id":"https:\/\/www.tecdmx.org.mx\/index.php\/direccion-general-juridica\/#primaryimage"},"thumbnailUrl":"https:\/\/www.tecdmx.org.mx\/wp-content\/uploads\/2026\/01\/fondo-bco-350x350.jpg","datePublished":"2019-05-31T21:40:31+00:00","dateModified":"2026-01-06T17:47:13+00:00","breadcrumb":{"@id":"https:\/\/www.tecdmx.org.mx\/index.php\/direccion-general-juridica\/#breadcrumb"},"inLanguage":"es","potentialAction":[{"@type":"ReadAction","target":["https:\/\/www.tecdmx.org.mx\/index.php\/direccion-general-juridica\/"]}]},{"@type":"ImageObject","inLanguage":"es","@id":"https:\/\/www.tecdmx.org.mx\/index.php\/direccion-general-juridica\/#primaryimage","url":"https:\/\/www.tecdmx.org.mx\/wp-content\/uploads\/2026\/01\/fondo-bco.jpg","contentUrl":"https:\/\/www.tecdmx.org.mx\/wp-content\/uploads\/2026\/01\/fondo-bco.jpg","width":400,"height":400},{"@type":"BreadcrumbList","@id":"https:\/\/www.tecdmx.org.mx\/index.php\/direccion-general-juridica\/#breadcrumb","itemListElement":[{"@type":"ListItem","position":1,"name":"Portada","item":"https:\/\/www.tecdmx.org.mx\/"},{"@type":"ListItem","position":2,"name":"Direcci\u00f3n General Jur\u00eddica"}]},{"@type":"WebSite","@id":"https:\/\/www.tecdmx.org.mx\/#website","url":"https:\/\/www.tecdmx.org.mx\/","name":"Tribunal Electoral de la Ciudad de M\u00e9xico","description":"25 a\u00f1os garantizando justicia en tu elecci\u00f3n","potentialAction":[{"@type":"SearchAction","target":{"@type":"EntryPoint","urlTemplate":"https:\/\/www.tecdmx.org.mx\/?s={search_term_string}"},"query-input":"required name=search_term_string"}],"inLanguage":"es"}]}},"_links":{"self":[{"href":"https:\/\/www.tecdmx.org.mx\/index.php\/wp-json\/wp\/v2\/pages\/13346"}],"collection":[{"href":"https:\/\/www.tecdmx.org.mx\/index.php\/wp-json\/wp\/v2\/pages"}],"about":[{"href":"https:\/\/www.tecdmx.org.mx\/index.php\/wp-json\/wp\/v2\/types\/page"}],"author":[{"embeddable":true,"href":"https:\/\/www.tecdmx.org.mx\/index.php\/wp-json\/wp\/v2\/users\/13"}],"replies":[{"embeddable":true,"href":"https:\/\/www.tecdmx.org.mx\/index.php\/wp-json\/wp\/v2\/comments?post=13346"}],"version-history":[{"count":9,"href":"https:\/\/www.tecdmx.org.mx\/index.php\/wp-json\/wp\/v2\/pages\/13346\/revisions"}],"predecessor-version":[{"id":60408,"href":"https:\/\/www.tecdmx.org.mx\/index.php\/wp-json\/wp\/v2\/pages\/13346\/revisions\/60408"}],"wp:attachment":[{"href":"https:\/\/www.tecdmx.org.mx\/index.php\/wp-json\/wp\/v2\/media?parent=13346"}],"curies":[{"name":"wp","href":"https:\/\/api.w.org\/{rel}","templated":true}]}}