{"id":13349,"date":"2019-05-31T21:46:48","date_gmt":"2019-05-31T21:46:48","guid":{"rendered":"http:\/\/www2.tecdmx.org.mx\/?page_id=13349"},"modified":"2025-09-10T11:22:57","modified_gmt":"2025-09-10T17:22:57","slug":"coordinacion-de-archivo","status":"publish","type":"page","link":"https:\/\/www.tecdmx.org.mx\/index.php\/coordinacion-de-archivo\/","title":{"rendered":"Coordinaci\u00f3n de Archivo"},"content":{"rendered":"\n<h1 class=\"wp-block-heading has-text-align-center\">Coordinaci\u00f3n de Archivo<\/h1>\n\n\n\n<div class=\"wp-block-media-text alignwide is-stacked-on-mobile\" style=\"grid-template-columns:20% auto\"><figure class=\"wp-block-media-text__media\"><img loading=\"lazy\" decoding=\"async\" width=\"350\" height=\"350\" src=\"https:\/\/www.tecdmx.org.mx\/wp-content\/uploads\/2025\/09\/carch-2025.jpg\" alt=\"\" class=\"wp-image-59162 size-full\" srcset=\"https:\/\/www.tecdmx.org.mx\/wp-content\/uploads\/2025\/09\/carch-2025-250x250.jpg 250w, https:\/\/www.tecdmx.org.mx\/wp-content\/uploads\/2025\/09\/carch-2025.jpg 350w, https:\/\/www.tecdmx.org.mx\/wp-content\/uploads\/2025\/09\/carch-2025-110x110.jpg 110w, https:\/\/www.tecdmx.org.mx\/wp-content\/uploads\/2025\/09\/carch-2025.jpg 400w\" sizes=\"(max-width: 350px) 100vw, 350px\" \/><\/figure><div class=\"wp-block-media-text__content\">\n<p class=\"has-medium-font-size\"><strong>Claudia L\u00f3pez Iglesias<\/strong>   <\/p>\n\n\n\n<p class=\"has-medium-font-size\"><strong>Coordinadora<\/strong>&nbsp;<strong>de Archivo<\/strong> <\/p>\n\n\n\n<p class=\"has-normal-font-size\">      <a href=\"mailto:claudia.lopez@tecdmx.org.mx\">claudia.lopez@tecdmx.org.mx<\/a><\/p>\n\n\n\n<p class=\"has-normal-font-size\">      (55) 5340 4600  Ext. 1130  <\/p>\n<\/div><\/div>\n\n\n\n<hr class=\"wp-block-separator has-css-opacity is-style-wide\"\/>\n\n\n\n<h1 class=\"wp-block-heading\"><strong>Atribuciones:<\/strong><\/h1>\n\n\n\n<p>I. Realizar el dise\u00f1o, desarrollo, instrumentaci\u00f3n y evaluaci\u00f3n, los proyectos de planes y programas de desarrollo archiv\u00edstico del Tribunal. <\/p>\n\n\n\n<p>II. Supervisar las pol\u00edticas y medidas t\u00e9cnicas para la regulaci\u00f3n de los procesos archiv\u00edsticos durante el ciclo vital de los documentos de archivo. <\/p>\n\n\n\n<p>III. Formular el proyecto de los instrumentos, procesos y m\u00e9todos de control archiv\u00edstico y documental del Tribunal. <\/p>\n\n\n\n<p>IV. Coordinar las actividades tendentes al cumplimiento de las obligaciones establecidas en la Ley de Archivos del Distrito Federal, realizando todas las acciones tendentes al enriquecimiento y conservaci\u00f3n del acervo archiv\u00edstico y documental del Tribunal. <\/p>\n\n\n\n<p>V. Fungir, por conducto de su titular como Secretario\/a T\u00e9cnico\/a del Comit\u00e9 T\u00e9cnico de Administraci\u00f3n de Documentos del Tribunal; promover la operaci\u00f3n regular de este \u00f3rgano y coadyuvar en la integraci\u00f3n de su Reglamento de operaci\u00f3n y programa anual de trabajo. <\/p>\n\n\n\n<p>VI. Proponer y supervisar la elaboraci\u00f3n de los proyectos de los modelos t\u00e9cnicos o Manuales para la organizaci\u00f3n y procedimientos de los archivos de tr\u00e1mite, concentraci\u00f3n y, en su caso, hist\u00f3rico del ente p\u00fablico, en coordinaci\u00f3n con los responsables de dichas unidades. <\/p>\n\n\n\n<p>VII. Coordinar los trabajos para la elaboraci\u00f3n de los principales instrumentos de control archiv\u00edstico dentro del ente p\u00fablico, proponiendo el dise\u00f1o, desarrollo, implementaci\u00f3n y actualizaci\u00f3n del Sistema de Clasificaci\u00f3n Archiv\u00edstica, el Cat\u00e1logo de Disposici\u00f3n Documental y los inventarios que se elaboren para la identificaci\u00f3n y descripci\u00f3n de los archivos institucionales.  <\/p>\n\n\n\n<p>VIII. Establecer, en coordinaci\u00f3n con el Instituto de Capacitaci\u00f3n un amplio programa de capacitaci\u00f3n en la materia, as\u00ed como las principales estrategias para el desarrollo profesional del personal que se dedique al desempe\u00f1o de las funciones archiv\u00edsticas. <\/p>\n\n\n\n<p>IX. Supervisar la actualizaci\u00f3n y formato a la normatividad externa e interna que rige al Tribunal, para su incorporaci\u00f3n en el sitio de internet e intranet. <\/p>\n\n\n\n<p>X. Supervisar la actualizaci\u00f3n del prontuario y el cuadro de resumen de la normatividad externa e interna que rige a la instituci\u00f3n. <\/p>\n\n\n\n<p>XI. Coadyuvar con la Secretar\u00eda Administrativa, en la elaboraci\u00f3n de un programa de necesidades para la normalizaci\u00f3n de los recursos materiales que se destinen a los archivos, propiciando la incorporaci\u00f3n de mobiliario, equipo t\u00e9cnico, de conservaci\u00f3n y seguridad, e instalaciones apropiadas para los archivos, de conformidad con las funciones y servicios que \u00e9stos brindan. <\/p>\n\n\n\n<p>XII. Coadyuvar con la Unidad de Tecnolog\u00edas de la Informaci\u00f3n, en el dise\u00f1o, desarrollo, establecimiento y actualizaci\u00f3n de la normatividad que sea aplicable en el Tribunal Electoral de la Ciudad de M\u00e9xico, para la adquisici\u00f3n de tecnolog\u00edas de la informaci\u00f3n para los archivos, as\u00ed como para la automatizaci\u00f3n de archivos, la digitalizaci\u00f3n o microfilmaci\u00f3n de los documentos de archivo o para la gesti\u00f3n, administraci\u00f3n y conservaci\u00f3n de los documentos electr\u00f3nicos. <\/p>\n\n\n\n<p>XIII. Coadyuvar con el Consejo General de Archivos de la Ciudad de M\u00e9xico en la aplicaci\u00f3n de metodolog\u00edas para la gesti\u00f3n de archivos e instrumentaci\u00f3n de la Red de Archivos de la Ciudad de M\u00e9xico. <\/p>\n\n\n\n<p>XIV. Proponer y programar proyectos y actividades de la Coordinaci\u00f3n para ser integradas en el Programa Operativo Anual, as\u00ed como dar seguimiento a su cumplimiento. <\/p>\n\n\n\n<p>XV. Supervisar el registro y organizaci\u00f3n del material documental que ingresa al Archivo. <\/p>\n\n\n\n<p>XVI. Aquellas que se determinen en la legislaci\u00f3n y la normatividad interna aplicable; as\u00ed como las que su superior jer\u00e1rquico le encomiende en relaci\u00f3n con su puesto. <\/p>\n\n\n\n<p>\u2013 \u2013 \u2013 \u2013 \u2013 \u2013 \u2013 \u2013 \u2013 \u2013 \u2013&nbsp;<\/p>\n\n\n\n<p><strong><em>Art\u00edculo 213 del C\u00f3digo de Instituciones y Procedimientos Electorales de la Ciudad de M\u00e9xico<\/em><\/strong><\/p>\n\n\n\n<hr class=\"wp-block-separator has-css-opacity\"\/>\n","protected":false},"excerpt":{"rendered":"<p>Coordinaci\u00f3n de Archivo Claudia L\u00f3pez Iglesias Coordinadora&nbsp;de Archivo claudia.lopez@tecdmx.org.mx (55) 5340 4600 Ext. 1130 Atribuciones: I. Realizar el dise\u00f1o, desarrollo, instrumentaci\u00f3n y evaluaci\u00f3n, los proyectos de planes y programas de [&hellip;]<\/p>\n","protected":false},"author":13,"featured_media":0,"parent":0,"menu_order":0,"comment_status":"closed","ping_status":"closed","template":"","meta":{"_acf_changed":false,"_exactmetrics_skip_tracking":false,"_exactmetrics_sitenote_active":false,"_exactmetrics_sitenote_note":"","_exactmetrics_sitenote_category":0,"footnotes":""},"acf":[],"yoast_head":"<!-- This site is optimized with the Yoast SEO plugin v22.3 - https:\/\/yoast.com\/wordpress\/plugins\/seo\/ -->\n<title>Coordinaci\u00f3n de Archivo - Tribunal Electoral de la Ciudad de M\u00e9xico<\/title>\n<meta name=\"robots\" content=\"index, follow, max-snippet:-1, max-image-preview:large, max-video-preview:-1\" \/>\n<link rel=\"canonical\" href=\"https:\/\/www.tecdmx.org.mx\/index.php\/coordinacion-de-archivo\/\" \/>\n<meta property=\"og:locale\" content=\"es_ES\" \/>\n<meta property=\"og:type\" content=\"article\" \/>\n<meta property=\"og:title\" content=\"Coordinaci\u00f3n de Archivo - Tribunal Electoral de la Ciudad de M\u00e9xico\" \/>\n<meta property=\"og:description\" content=\"Coordinaci\u00f3n de Archivo Claudia L\u00f3pez Iglesias Coordinadora&nbsp;de Archivo claudia.lopez@tecdmx.org.mx (55) 5340 4600 Ext. 1130 Atribuciones: I. Realizar el dise\u00f1o, desarrollo, instrumentaci\u00f3n y evaluaci\u00f3n, los proyectos de planes y programas de [&hellip;]\" \/>\n<meta property=\"og:url\" content=\"https:\/\/www.tecdmx.org.mx\/index.php\/coordinacion-de-archivo\/\" \/>\n<meta property=\"og:site_name\" content=\"Tribunal Electoral de la Ciudad de M\u00e9xico\" \/>\n<meta property=\"article:publisher\" content=\"https:\/\/www.facebook.com\/TECDMX\/\" \/>\n<meta property=\"article:modified_time\" content=\"2025-09-10T17:22:57+00:00\" \/>\n<meta property=\"og:image\" content=\"https:\/\/www.tecdmx.org.mx\/wp-content\/uploads\/2025\/09\/carch-2025-350x350.jpg\" \/>\n<meta name=\"twitter:card\" content=\"summary_large_image\" \/>\n<meta name=\"twitter:site\" content=\"@tecdmx\" \/>\n<meta name=\"twitter:label1\" content=\"Tiempo de lectura\" \/>\n\t<meta name=\"twitter:data1\" content=\"3 minutos\" \/>\n<script type=\"application\/ld+json\" class=\"yoast-schema-graph\">{\"@context\":\"https:\/\/schema.org\",\"@graph\":[{\"@type\":\"WebPage\",\"@id\":\"https:\/\/www.tecdmx.org.mx\/index.php\/coordinacion-de-archivo\/\",\"url\":\"https:\/\/www.tecdmx.org.mx\/index.php\/coordinacion-de-archivo\/\",\"name\":\"Coordinaci\u00f3n de Archivo - Tribunal Electoral de la Ciudad de M\u00e9xico\",\"isPartOf\":{\"@id\":\"https:\/\/www.tecdmx.org.mx\/#website\"},\"primaryImageOfPage\":{\"@id\":\"https:\/\/www.tecdmx.org.mx\/index.php\/coordinacion-de-archivo\/#primaryimage\"},\"image\":{\"@id\":\"https:\/\/www.tecdmx.org.mx\/index.php\/coordinacion-de-archivo\/#primaryimage\"},\"thumbnailUrl\":\"https:\/\/www.tecdmx.org.mx\/wp-content\/uploads\/2025\/09\/carch-2025-350x350.jpg\",\"datePublished\":\"2019-05-31T21:46:48+00:00\",\"dateModified\":\"2025-09-10T17:22:57+00:00\",\"breadcrumb\":{\"@id\":\"https:\/\/www.tecdmx.org.mx\/index.php\/coordinacion-de-archivo\/#breadcrumb\"},\"inLanguage\":\"es\",\"potentialAction\":[{\"@type\":\"ReadAction\",\"target\":[\"https:\/\/www.tecdmx.org.mx\/index.php\/coordinacion-de-archivo\/\"]}]},{\"@type\":\"ImageObject\",\"inLanguage\":\"es\",\"@id\":\"https:\/\/www.tecdmx.org.mx\/index.php\/coordinacion-de-archivo\/#primaryimage\",\"url\":\"https:\/\/www.tecdmx.org.mx\/wp-content\/uploads\/2025\/09\/carch-2025.jpg\",\"contentUrl\":\"https:\/\/www.tecdmx.org.mx\/wp-content\/uploads\/2025\/09\/carch-2025.jpg\",\"width\":400,\"height\":400},{\"@type\":\"BreadcrumbList\",\"@id\":\"https:\/\/www.tecdmx.org.mx\/index.php\/coordinacion-de-archivo\/#breadcrumb\",\"itemListElement\":[{\"@type\":\"ListItem\",\"position\":1,\"name\":\"Portada\",\"item\":\"https:\/\/www.tecdmx.org.mx\/\"},{\"@type\":\"ListItem\",\"position\":2,\"name\":\"Coordinaci\u00f3n de Archivo\"}]},{\"@type\":\"WebSite\",\"@id\":\"https:\/\/www.tecdmx.org.mx\/#website\",\"url\":\"https:\/\/www.tecdmx.org.mx\/\",\"name\":\"Tribunal Electoral de la Ciudad de M\u00e9xico\",\"description\":\"25 a\u00f1os garantizando justicia en tu elecci\u00f3n\",\"potentialAction\":[{\"@type\":\"SearchAction\",\"target\":{\"@type\":\"EntryPoint\",\"urlTemplate\":\"https:\/\/www.tecdmx.org.mx\/?s={search_term_string}\"},\"query-input\":\"required name=search_term_string\"}],\"inLanguage\":\"es\"}]}<\/script>\n<!-- \/ Yoast SEO plugin. -->","yoast_head_json":{"title":"Coordinaci\u00f3n de Archivo - Tribunal Electoral de la Ciudad de M\u00e9xico","robots":{"index":"index","follow":"follow","max-snippet":"max-snippet:-1","max-image-preview":"max-image-preview:large","max-video-preview":"max-video-preview:-1"},"canonical":"https:\/\/www.tecdmx.org.mx\/index.php\/coordinacion-de-archivo\/","og_locale":"es_ES","og_type":"article","og_title":"Coordinaci\u00f3n de Archivo - Tribunal Electoral de la Ciudad de M\u00e9xico","og_description":"Coordinaci\u00f3n de Archivo Claudia L\u00f3pez Iglesias Coordinadora&nbsp;de Archivo claudia.lopez@tecdmx.org.mx (55) 5340 4600 Ext. 1130 Atribuciones: I. Realizar el dise\u00f1o, desarrollo, instrumentaci\u00f3n y evaluaci\u00f3n, los proyectos de planes y programas de [&hellip;]","og_url":"https:\/\/www.tecdmx.org.mx\/index.php\/coordinacion-de-archivo\/","og_site_name":"Tribunal Electoral de la Ciudad de M\u00e9xico","article_publisher":"https:\/\/www.facebook.com\/TECDMX\/","article_modified_time":"2025-09-10T17:22:57+00:00","og_image":[{"url":"https:\/\/www.tecdmx.org.mx\/wp-content\/uploads\/2025\/09\/carch-2025-350x350.jpg"}],"twitter_card":"summary_large_image","twitter_site":"@tecdmx","twitter_misc":{"Tiempo de lectura":"3 minutos"},"schema":{"@context":"https:\/\/schema.org","@graph":[{"@type":"WebPage","@id":"https:\/\/www.tecdmx.org.mx\/index.php\/coordinacion-de-archivo\/","url":"https:\/\/www.tecdmx.org.mx\/index.php\/coordinacion-de-archivo\/","name":"Coordinaci\u00f3n de Archivo - Tribunal Electoral de la Ciudad de M\u00e9xico","isPartOf":{"@id":"https:\/\/www.tecdmx.org.mx\/#website"},"primaryImageOfPage":{"@id":"https:\/\/www.tecdmx.org.mx\/index.php\/coordinacion-de-archivo\/#primaryimage"},"image":{"@id":"https:\/\/www.tecdmx.org.mx\/index.php\/coordinacion-de-archivo\/#primaryimage"},"thumbnailUrl":"https:\/\/www.tecdmx.org.mx\/wp-content\/uploads\/2025\/09\/carch-2025-350x350.jpg","datePublished":"2019-05-31T21:46:48+00:00","dateModified":"2025-09-10T17:22:57+00:00","breadcrumb":{"@id":"https:\/\/www.tecdmx.org.mx\/index.php\/coordinacion-de-archivo\/#breadcrumb"},"inLanguage":"es","potentialAction":[{"@type":"ReadAction","target":["https:\/\/www.tecdmx.org.mx\/index.php\/coordinacion-de-archivo\/"]}]},{"@type":"ImageObject","inLanguage":"es","@id":"https:\/\/www.tecdmx.org.mx\/index.php\/coordinacion-de-archivo\/#primaryimage","url":"https:\/\/www.tecdmx.org.mx\/wp-content\/uploads\/2025\/09\/carch-2025.jpg","contentUrl":"https:\/\/www.tecdmx.org.mx\/wp-content\/uploads\/2025\/09\/carch-2025.jpg","width":400,"height":400},{"@type":"BreadcrumbList","@id":"https:\/\/www.tecdmx.org.mx\/index.php\/coordinacion-de-archivo\/#breadcrumb","itemListElement":[{"@type":"ListItem","position":1,"name":"Portada","item":"https:\/\/www.tecdmx.org.mx\/"},{"@type":"ListItem","position":2,"name":"Coordinaci\u00f3n de Archivo"}]},{"@type":"WebSite","@id":"https:\/\/www.tecdmx.org.mx\/#website","url":"https:\/\/www.tecdmx.org.mx\/","name":"Tribunal Electoral de la Ciudad de M\u00e9xico","description":"25 a\u00f1os garantizando justicia en tu elecci\u00f3n","potentialAction":[{"@type":"SearchAction","target":{"@type":"EntryPoint","urlTemplate":"https:\/\/www.tecdmx.org.mx\/?s={search_term_string}"},"query-input":"required name=search_term_string"}],"inLanguage":"es"}]}},"_links":{"self":[{"href":"https:\/\/www.tecdmx.org.mx\/index.php\/wp-json\/wp\/v2\/pages\/13349"}],"collection":[{"href":"https:\/\/www.tecdmx.org.mx\/index.php\/wp-json\/wp\/v2\/pages"}],"about":[{"href":"https:\/\/www.tecdmx.org.mx\/index.php\/wp-json\/wp\/v2\/types\/page"}],"author":[{"embeddable":true,"href":"https:\/\/www.tecdmx.org.mx\/index.php\/wp-json\/wp\/v2\/users\/13"}],"replies":[{"embeddable":true,"href":"https:\/\/www.tecdmx.org.mx\/index.php\/wp-json\/wp\/v2\/comments?post=13349"}],"version-history":[{"count":10,"href":"https:\/\/www.tecdmx.org.mx\/index.php\/wp-json\/wp\/v2\/pages\/13349\/revisions"}],"predecessor-version":[{"id":59163,"href":"https:\/\/www.tecdmx.org.mx\/index.php\/wp-json\/wp\/v2\/pages\/13349\/revisions\/59163"}],"wp:attachment":[{"href":"https:\/\/www.tecdmx.org.mx\/index.php\/wp-json\/wp\/v2\/media?parent=13349"}],"curies":[{"name":"wp","href":"https:\/\/api.w.org\/{rel}","templated":true}]}}