{"id":20214,"date":"2020-06-24T04:48:56","date_gmt":"2020-06-24T04:48:56","guid":{"rendered":"https:\/\/www.tecdmx.org.mx\/?page_id=20214"},"modified":"2020-06-30T18:37:51","modified_gmt":"2020-06-30T23:37:51","slug":"formulario-oficiala-de-partes-electronicas","status":"publish","type":"page","link":"https:\/\/www.tecdmx.org.mx\/index.php\/formulario-oficiala-de-partes-electronicas\/","title":{"rendered":"FORMULARIO PARA RECIBIR MEDIOS DE IMPUGNACI\u00d3N Y PROMOCIONES"},"content":{"rendered":"\n<hr class=\"wp-block-separator\"\/>\n\n\n\n<h3>Formulario para recibir Medios de Impugnaci\u00f3n y Promociones<\/h3>\n\n\n\n<div class=\"wpcf7 no-js\" id=\"wpcf7-f20215-o1\" lang=\"es-ES\" dir=\"ltr\">\n<div class=\"screen-reader-response\"><p role=\"status\" aria-live=\"polite\" aria-atomic=\"true\"><\/p> <ul><\/ul><\/div>\n<form action=\"\/index.php\/wp-json\/wp\/v2\/pages\/20214#wpcf7-f20215-o1\" method=\"post\" class=\"wpcf7-form init\" aria-label=\"Formulario de contacto\" enctype=\"multipart\/form-data\" novalidate=\"novalidate\" data-status=\"init\">\n<div style=\"display: none;\">\n<input type=\"hidden\" name=\"_wpcf7\" value=\"20215\" \/>\n<input type=\"hidden\" name=\"_wpcf7_version\" value=\"5.9.3\" \/>\n<input type=\"hidden\" name=\"_wpcf7_locale\" value=\"es_ES\" \/>\n<input type=\"hidden\" name=\"_wpcf7_unit_tag\" value=\"wpcf7-f20215-o1\" \/>\n<input type=\"hidden\" name=\"_wpcf7_container_post\" value=\"0\" \/>\n<input type=\"hidden\" name=\"_wpcf7_posted_data_hash\" value=\"\" \/>\n<input type=\"hidden\" name=\"_wpcf7cf_hidden_group_fields\" value=\"[]\" \/>\n<input type=\"hidden\" name=\"_wpcf7cf_hidden_groups\" value=\"[]\" \/>\n<input type=\"hidden\" name=\"_wpcf7cf_visible_groups\" value=\"[]\" \/>\n<input type=\"hidden\" name=\"_wpcf7cf_repeaters\" value=\"[]\" \/>\n<input type=\"hidden\" name=\"_wpcf7cf_steps\" value=\"{}\" \/>\n<input type=\"hidden\" name=\"_wpcf7cf_options\" value=\"{&quot;form_id&quot;:20215,&quot;conditions&quot;:[{&quot;then_field&quot;:&quot;Prom&quot;,&quot;and_rules&quot;:[{&quot;if_field&quot;:&quot;Tipodemediopromocion&quot;,&quot;operator&quot;:&quot;equals&quot;,&quot;if_value&quot;:&quot;Promoci\\u00f3n&quot;}]}],&quot;settings&quot;:{&quot;animation&quot;:&quot;yes&quot;,&quot;animation_intime&quot;:200,&quot;animation_outtime&quot;:200,&quot;conditions_ui&quot;:&quot;normal&quot;,&quot;notice_dismissed&quot;:false,&quot;notice_dismissed_rollback-cf7-5.9.2&quot;:true}}\" \/>\n<input type=\"hidden\" name=\"_wpcf7_recaptcha_response\" value=\"\" \/>\n<\/div>\n<p>El presente formulario deber\u00e1 ser llenado por la persona interesada (parte promovente y\/o remitente), los datos marcados con asterisco son obligatorios (*), para llevar a cabo el proceso de env\u00edo.\n<\/p>\n<p><label> <b> Nombre(s) <\/b> (*)<br \/>\n<span class=\"wpcf7-form-control-wrap\" data-name=\"your-name\"><input size=\"40\" class=\"wpcf7-form-control wpcf7-text wpcf7-validates-as-required\" aria-required=\"true\" aria-invalid=\"false\" value=\"\" type=\"text\" name=\"your-name\" \/><\/span> <\/label>\n<\/p>\n<p><label> <b> Apellidos <\/b> (*)<br \/>\n<span class=\"wpcf7-form-control-wrap\" data-name=\"your-last-name\"><input size=\"40\" class=\"wpcf7-form-control wpcf7-text wpcf7-validates-as-required\" aria-required=\"true\" aria-invalid=\"false\" value=\"\" type=\"text\" name=\"your-last-name\" \/><\/span> <\/label>\n<\/p>\n<p><label> <b>Tu correo electr\u00f3nico<\/b> (*)<br \/>\n<span class=\"wpcf7-form-control-wrap\" data-name=\"your-email\"><input size=\"40\" class=\"wpcf7-form-control wpcf7-email wpcf7-validates-as-required wpcf7-text wpcf7-validates-as-email\" aria-required=\"true\" aria-invalid=\"false\" value=\"\" type=\"email\" name=\"your-email\" \/><\/span> <\/label>\n<\/p>\n<p><label> <b>Confirme correo electr\u00f3nico<\/b> (*)<br \/>\n<span class=\"wpcf7-form-control-wrap\" data-name=\"your-email-confirm\"><input size=\"40\" class=\"wpcf7-form-control wpcf7-email wpcf7-validates-as-required wpcf7-text wpcf7-validates-as-email\" aria-required=\"true\" aria-invalid=\"false\" value=\"\" type=\"email\" name=\"your-email-confirm\" \/><\/span> <\/label>\n<\/p>\n<p><label> <b>Otro correo electr\u00f3nico<\/b><br \/>\n<span class=\"wpcf7-form-control-wrap\" data-name=\"your-emaildos\"><input size=\"40\" class=\"wpcf7-form-control wpcf7-email wpcf7-text wpcf7-validates-as-email\" aria-invalid=\"false\" value=\"\" type=\"email\" name=\"your-emaildos\" \/><\/span> <\/label>\n<\/p>\n<p><label> <b>Tel\u00e9fono de contacto<\/b> (*)<br \/>\n<span class=\"wpcf7-form-control-wrap\" data-name=\"your-number\"><input size=\"40\" class=\"wpcf7-form-control wpcf7-tel wpcf7-validates-as-required wpcf7-text wpcf7-validates-as-tel\" aria-required=\"true\" aria-invalid=\"false\" value=\"\" type=\"tel\" name=\"your-number\" \/><\/span><\/label>\n<\/p>\n<p><label> <b>Tipo de medio de impugnaci\u00f3n que promueve<\/b> (*)<br \/>\n<span class=\"wpcf7-form-control-wrap\" data-name=\"Tipodemediopromocion\"><select class=\"wpcf7-form-control wpcf7-select wpcf7-validates-as-required\" aria-required=\"true\" aria-invalid=\"false\" name=\"Tipodemediopromocion\"><option value=\"\">&#8212;Por favor, elige una opci\u00f3n&#8212;<\/option><option value=\"JEL: Juicio Electoral\">JEL: Juicio Electoral<\/option><option value=\"JLDC: Juicio para la Protecci\u00f3n de los Derechos Pol\u00edtico-Electorales de la Ciudadan\u00eda\">JLDC: Juicio para la Protecci\u00f3n de los Derechos Pol\u00edtico-Electorales de la Ciudadan\u00eda<\/option><option value=\"Promoci\u00f3n\">Promoci\u00f3n<\/option><\/select><\/span><\/label>\n<\/p>\n<div data-id=\"Prom\" data-orig_data_id=\"Prom\"  data-class=\"wpcf7cf_group\">\n\t<p><label>N\u00famero de expediente de Promoci\u00f3n.<br \/>\n<span class=\"wpcf7-form-control-wrap\" data-name=\"textroprom\"><input size=\"40\" class=\"wpcf7-form-control wpcf7-text\" aria-invalid=\"false\" value=\"\" type=\"text\" name=\"textroprom\" \/><\/span><\/label>\n\t<\/p>\n<\/div>\n<p><label> <b>Parte promovente y\/o remitente<\/b> (*)<br \/>\n<span class=\"wpcf7-form-control-wrap\" data-name=\"Promovente\"><select class=\"wpcf7-form-control wpcf7-select wpcf7-validates-as-required\" aria-required=\"true\" aria-invalid=\"false\" name=\"Promovente\"><option value=\"\">&#8212;Por favor, elige una opci\u00f3n&#8212;<\/option><option value=\"Ciudadana\/o\">Ciudadana\/o<\/option><option value=\"Autoridad u \u00d3rgano\">Autoridad u \u00d3rgano<\/option><option value=\"Otro\">Otro<\/option><\/select><\/span><\/label>\n<\/p>\n<p><label> <b>Adjuntar Demanda<\/b><br \/>\n<span class=\"wpcf7-form-control-wrap\" data-name=\"file-724\"><input size=\"40\" class=\"wpcf7-form-control wpcf7-file\" accept=\".doc,.docx,.pdf,.jpg,.jpeg,.png\" aria-invalid=\"false\" type=\"file\" name=\"file-724\" \/><\/span><br \/>\n<\/label>\n<\/p>\n<p><label> <b>Adjuntar Pruebas<\/b><br \/>\n<span class=\"wpcf7-form-control-wrap\" data-name=\"file-720\"><input size=\"40\" class=\"wpcf7-form-control wpcf7-file\" accept=\".doc,.docx,.pdf,.jpg,.jpeg,.png\" aria-invalid=\"false\" type=\"file\" name=\"file-720\" \/><\/span><br \/>\n<\/label>\n<\/p>\n<p><label> <b>Adjuntar Identificaci\u00f3n Oficial<\/b><br \/>\n<span class=\"wpcf7-form-control-wrap\" data-name=\"file-721\"><input size=\"40\" class=\"wpcf7-form-control wpcf7-file\" accept=\".doc,.docx,.pdf,.jpg,.jpeg,.png\" aria-invalid=\"false\" type=\"file\" name=\"file-721\" \/><\/span><br \/>\n<\/label>\n<\/p>\n<p><label> <b>Mensaje\/Comentario<\/b><br \/>\n<span class=\"wpcf7-form-control-wrap\" data-name=\"textarea-211\"><textarea cols=\"40\" rows=\"10\" class=\"wpcf7-form-control wpcf7-textarea\" aria-invalid=\"false\" name=\"textarea-211\"><\/textarea><\/span><\/label>\n<\/p>\n<p><b>POR FAVOR, REVISE QUE TODA LA INFORMACI\u00d3N DEL FORMULARIO EST\u00c9 CORRECTAMENTE ANTES DE ENVIAR.<\/b>\n<\/p>\n<p><span class=\"wpcf7-form-control-wrap\" data-name=\"aceptacion\"><span class=\"wpcf7-form-control wpcf7-acceptance\"><span class=\"wpcf7-list-item\"><input type=\"checkbox\" name=\"aceptacion\" value=\"1\" aria-invalid=\"false\" \/><\/span><\/span><\/span>&nbsp &nbsp Conozco los <a href=\"https:\/\/www.tecdmx.org.mx\/wp-content\/uploads\/2020\/06\/LINEAMIENTOS_PARA_RECEPCI\u00d3N_DE_MEDIOS_TECDMX_PARA_PUBLICAR_EN_ESTRADOS_CON_CERTIFICACI\u00d3N.pdf\" target=\"_blank\" rel=\"noreferrer noopener\" aria-label=\"Lineamientos (se abre en una nueva pesta\u00f1a)\"><b>Lineamientos<\/b><\/a> para el uso de Tecnolog\u00edas de la Informaci\u00f3n en la presentaci\u00f3n y tr\u00e1mite de medios de impugnaci\u00f3n, procedimiento especial sancionador y\/o promociones en el Tribunal Electoral de la Ciudad de M\u00e9xico; He le\u00eddo y acepto el\u00a0<a rel=\"noreferrer noopener\" href=\"https:\/\/www.tecdmx.org.mx\/wp-content\/uploads\/2020\/06\/Aviso-de-Privacidad.pdf\" target=\"_blank\"><b>aviso de privacidad<\/b>,<\/a>\u00a0as\u00ed como el tratamiento de los Datos Personales.\n<\/p>\n<p><input class=\"wpcf7-form-control wpcf7-submit has-spinner\" type=\"submit\" value=\"Enviar\" \/>\n<\/p>\n<p><b>Este proceso puede tardar varios minutos dependiendo del peso de los archivos. Gracias por su espera.<\/b>\n<\/p><div class=\"wpcf7-response-output\" aria-hidden=\"true\"><\/div>\n<\/form>\n<\/div>\n\n","protected":false},"excerpt":{"rendered":"<p>Formulario para recibir Medios de Impugnaci\u00f3n y Promociones<\/p>\n","protected":false},"author":12,"featured_media":0,"parent":0,"menu_order":0,"comment_status":"closed","ping_status":"closed","template":"","meta":{"_acf_changed":false,"_exactmetrics_skip_tracking":false,"_exactmetrics_sitenote_active":false,"_exactmetrics_sitenote_note":"","_exactmetrics_sitenote_category":0,"footnotes":""},"acf":[],"yoast_head":"<!-- This site is optimized with the Yoast SEO plugin v22.3 - https:\/\/yoast.com\/wordpress\/plugins\/seo\/ -->\n<title>FORMULARIO PARA RECIBIR MEDIOS DE IMPUGNACI\u00d3N Y PROMOCIONES - Tribunal Electoral de la Ciudad de M\u00e9xico<\/title>\n<meta name=\"robots\" content=\"index, follow, max-snippet:-1, max-image-preview:large, max-video-preview:-1\" \/>\n<link rel=\"canonical\" href=\"https:\/\/www.tecdmx.org.mx\/index.php\/formulario-oficiala-de-partes-electronicas\/\" \/>\n<meta property=\"og:locale\" content=\"es_ES\" \/>\n<meta property=\"og:type\" content=\"article\" \/>\n<meta property=\"og:title\" content=\"FORMULARIO PARA RECIBIR MEDIOS DE IMPUGNACI\u00d3N Y PROMOCIONES - Tribunal Electoral de la Ciudad de M\u00e9xico\" \/>\n<meta property=\"og:description\" content=\"Formulario para recibir Medios de Impugnaci\u00f3n y Promociones\" \/>\n<meta property=\"og:url\" content=\"https:\/\/www.tecdmx.org.mx\/index.php\/formulario-oficiala-de-partes-electronicas\/\" \/>\n<meta property=\"og:site_name\" content=\"Tribunal Electoral de la Ciudad de M\u00e9xico\" \/>\n<meta property=\"article:publisher\" content=\"https:\/\/www.facebook.com\/TECDMX\/\" \/>\n<meta property=\"article:modified_time\" content=\"2020-06-30T23:37:51+00:00\" \/>\n<meta name=\"twitter:card\" content=\"summary_large_image\" \/>\n<meta name=\"twitter:site\" content=\"@tecdmx\" \/>\n<script type=\"application\/ld+json\" class=\"yoast-schema-graph\">{\"@context\":\"https:\/\/schema.org\",\"@graph\":[{\"@type\":\"WebPage\",\"@id\":\"https:\/\/www.tecdmx.org.mx\/index.php\/formulario-oficiala-de-partes-electronicas\/\",\"url\":\"https:\/\/www.tecdmx.org.mx\/index.php\/formulario-oficiala-de-partes-electronicas\/\",\"name\":\"FORMULARIO PARA RECIBIR MEDIOS DE IMPUGNACI\u00d3N Y PROMOCIONES - Tribunal Electoral de la Ciudad de M\u00e9xico\",\"isPartOf\":{\"@id\":\"https:\/\/www.tecdmx.org.mx\/#website\"},\"datePublished\":\"2020-06-24T04:48:56+00:00\",\"dateModified\":\"2020-06-30T23:37:51+00:00\",\"breadcrumb\":{\"@id\":\"https:\/\/www.tecdmx.org.mx\/index.php\/formulario-oficiala-de-partes-electronicas\/#breadcrumb\"},\"inLanguage\":\"es\",\"potentialAction\":[{\"@type\":\"ReadAction\",\"target\":[\"https:\/\/www.tecdmx.org.mx\/index.php\/formulario-oficiala-de-partes-electronicas\/\"]}]},{\"@type\":\"BreadcrumbList\",\"@id\":\"https:\/\/www.tecdmx.org.mx\/index.php\/formulario-oficiala-de-partes-electronicas\/#breadcrumb\",\"itemListElement\":[{\"@type\":\"ListItem\",\"position\":1,\"name\":\"Portada\",\"item\":\"https:\/\/www.tecdmx.org.mx\/\"},{\"@type\":\"ListItem\",\"position\":2,\"name\":\"FORMULARIO PARA RECIBIR MEDIOS DE IMPUGNACI\u00d3N Y PROMOCIONES\"}]},{\"@type\":\"WebSite\",\"@id\":\"https:\/\/www.tecdmx.org.mx\/#website\",\"url\":\"https:\/\/www.tecdmx.org.mx\/\",\"name\":\"Tribunal Electoral de la Ciudad de M\u00e9xico\",\"description\":\"25 a\u00f1os garantizando justicia en tu elecci\u00f3n\",\"potentialAction\":[{\"@type\":\"SearchAction\",\"target\":{\"@type\":\"EntryPoint\",\"urlTemplate\":\"https:\/\/www.tecdmx.org.mx\/?s={search_term_string}\"},\"query-input\":\"required name=search_term_string\"}],\"inLanguage\":\"es\"}]}<\/script>\n<!-- \/ Yoast SEO plugin. -->","yoast_head_json":{"title":"FORMULARIO PARA RECIBIR MEDIOS DE IMPUGNACI\u00d3N Y PROMOCIONES - Tribunal Electoral de la Ciudad de M\u00e9xico","robots":{"index":"index","follow":"follow","max-snippet":"max-snippet:-1","max-image-preview":"max-image-preview:large","max-video-preview":"max-video-preview:-1"},"canonical":"https:\/\/www.tecdmx.org.mx\/index.php\/formulario-oficiala-de-partes-electronicas\/","og_locale":"es_ES","og_type":"article","og_title":"FORMULARIO PARA RECIBIR MEDIOS DE IMPUGNACI\u00d3N Y PROMOCIONES - Tribunal Electoral de la Ciudad de M\u00e9xico","og_description":"Formulario para recibir Medios de Impugnaci\u00f3n y Promociones","og_url":"https:\/\/www.tecdmx.org.mx\/index.php\/formulario-oficiala-de-partes-electronicas\/","og_site_name":"Tribunal Electoral de la Ciudad de M\u00e9xico","article_publisher":"https:\/\/www.facebook.com\/TECDMX\/","article_modified_time":"2020-06-30T23:37:51+00:00","twitter_card":"summary_large_image","twitter_site":"@tecdmx","schema":{"@context":"https:\/\/schema.org","@graph":[{"@type":"WebPage","@id":"https:\/\/www.tecdmx.org.mx\/index.php\/formulario-oficiala-de-partes-electronicas\/","url":"https:\/\/www.tecdmx.org.mx\/index.php\/formulario-oficiala-de-partes-electronicas\/","name":"FORMULARIO PARA RECIBIR MEDIOS DE IMPUGNACI\u00d3N Y PROMOCIONES - Tribunal Electoral de la Ciudad de M\u00e9xico","isPartOf":{"@id":"https:\/\/www.tecdmx.org.mx\/#website"},"datePublished":"2020-06-24T04:48:56+00:00","dateModified":"2020-06-30T23:37:51+00:00","breadcrumb":{"@id":"https:\/\/www.tecdmx.org.mx\/index.php\/formulario-oficiala-de-partes-electronicas\/#breadcrumb"},"inLanguage":"es","potentialAction":[{"@type":"ReadAction","target":["https:\/\/www.tecdmx.org.mx\/index.php\/formulario-oficiala-de-partes-electronicas\/"]}]},{"@type":"BreadcrumbList","@id":"https:\/\/www.tecdmx.org.mx\/index.php\/formulario-oficiala-de-partes-electronicas\/#breadcrumb","itemListElement":[{"@type":"ListItem","position":1,"name":"Portada","item":"https:\/\/www.tecdmx.org.mx\/"},{"@type":"ListItem","position":2,"name":"FORMULARIO PARA RECIBIR MEDIOS DE IMPUGNACI\u00d3N Y PROMOCIONES"}]},{"@type":"WebSite","@id":"https:\/\/www.tecdmx.org.mx\/#website","url":"https:\/\/www.tecdmx.org.mx\/","name":"Tribunal Electoral de la Ciudad de M\u00e9xico","description":"25 a\u00f1os garantizando justicia en tu elecci\u00f3n","potentialAction":[{"@type":"SearchAction","target":{"@type":"EntryPoint","urlTemplate":"https:\/\/www.tecdmx.org.mx\/?s={search_term_string}"},"query-input":"required name=search_term_string"}],"inLanguage":"es"}]}},"_links":{"self":[{"href":"https:\/\/www.tecdmx.org.mx\/index.php\/wp-json\/wp\/v2\/pages\/20214"}],"collection":[{"href":"https:\/\/www.tecdmx.org.mx\/index.php\/wp-json\/wp\/v2\/pages"}],"about":[{"href":"https:\/\/www.tecdmx.org.mx\/index.php\/wp-json\/wp\/v2\/types\/page"}],"author":[{"embeddable":true,"href":"https:\/\/www.tecdmx.org.mx\/index.php\/wp-json\/wp\/v2\/users\/12"}],"replies":[{"embeddable":true,"href":"https:\/\/www.tecdmx.org.mx\/index.php\/wp-json\/wp\/v2\/comments?post=20214"}],"version-history":[{"count":10,"href":"https:\/\/www.tecdmx.org.mx\/index.php\/wp-json\/wp\/v2\/pages\/20214\/revisions"}],"predecessor-version":[{"id":44632,"href":"https:\/\/www.tecdmx.org.mx\/index.php\/wp-json\/wp\/v2\/pages\/20214\/revisions\/44632"}],"wp:attachment":[{"href":"https:\/\/www.tecdmx.org.mx\/index.php\/wp-json\/wp\/v2\/media?parent=20214"}],"curies":[{"name":"wp","href":"https:\/\/api.w.org\/{rel}","templated":true}]}}