{"id":44242,"date":"2023-06-23T10:33:21","date_gmt":"2023-06-23T16:33:21","guid":{"rendered":"https:\/\/www.tecdmx.org.mx\/?page_id=44242"},"modified":"2025-10-24T13:10:18","modified_gmt":"2025-10-24T19:10:18","slug":"unidad-de-servicios-informaticos-2","status":"publish","type":"page","link":"https:\/\/www.tecdmx.org.mx\/index.php\/unidad-de-servicios-informaticos-2\/","title":{"rendered":"Unidad de Servicios Inform\u00e1ticos"},"content":{"rendered":"\n<h1 class=\"wp-block-heading has-text-align-center has-large-font-size\"><strong>Unidad de Servicios Inform\u00e1ticos<\/strong>.<\/h1>\n\n\n\n<div class=\"wp-block-media-text alignwide is-stacked-on-mobile\" style=\"grid-template-columns:20% auto\"><figure class=\"wp-block-media-text__media\"><img loading=\"lazy\" decoding=\"async\" width=\"276\" height=\"350\" src=\"https:\/\/www.tecdmx.org.mx\/wp-content\/uploads\/2025\/10\/1716.jpg\" alt=\"\" class=\"wp-image-59863 size-full\" srcset=\"https:\/\/www.tecdmx.org.mx\/wp-content\/uploads\/2025\/10\/1716-197x250.jpg 197w, https:\/\/www.tecdmx.org.mx\/wp-content\/uploads\/2025\/10\/1716.jpg 276w, https:\/\/www.tecdmx.org.mx\/wp-content\/uploads\/2025\/10\/1716.jpg 296w\" sizes=\"(max-width: 276px) 100vw, 276px\" \/><\/figure><div class=\"wp-block-media-text__content\">\n<p class=\"has-medium-font-size\"><strong>Netzahualc\u00f3yotl Flores Rodr\u00edguez<\/strong>   <\/p>\n\n\n\n<p class=\"has-medium-font-size\"><strong>Director de la Unidad de Servicios Inform\u00e1ticos<\/strong> <\/p>\n\n\n\n<p class=\"has-normal-font-size\">      <a href=\"mailto:nflores@tecdmx.org.mx\">nflores@tecdmx.org.mx<\/a><\/p>\n\n\n\n<p class=\"has-normal-font-size\">      (55) 5340 4600  Ext. 1198  <\/p>\n<\/div><\/div>\n\n\n\n<hr class=\"wp-block-separator has-alpha-channel-opacity is-style-wide\"\/>\n\n\n\n<p class=\"has-large-font-size\"><strong>Atribuciones:<\/strong><\/p>\n\n\n\n<p>I. Elaborar y proponer los procedimientos y lineamientos que deban regir el<br>desarrollo, instrumentaci\u00f3n, mantenimiento y administraci\u00f3n de los servicios inform\u00e1ticos al interior del Tribunal Electoral, de acuerdo a la normativa vigente;<\/p>\n\n\n\n<p>II. Supervisar la instalaci\u00f3n del equipo de c\u00f3mputo, perif\u00e9ricos, software,<br>consumibles y accesorios, solicitados por las \u00e1reas usuarias;<\/p>\n\n\n\n<p>III. Proporcionar soporte t\u00e9cnico especializado a las y los usuarios del Tribunal, en el manejo de las herramientas de oficina, sistemas operativos, antivirus y\/o problemas t\u00e9cnicos de operaci\u00f3n de los equipos de c\u00f3mputo, acorde a sus necesidades de operaci\u00f3n y manejo de la informaci\u00f3n de las \u00e1reas usuarias;<\/p>\n\n\n\n<p>IV. Proporcionar la informaci\u00f3n, reportes y opiniones t\u00e9cnicas, en el \u00e1mbito de su competencia, a los \u00f3rganos del Tribunal Electoral que lo soliciten para el cumplimiento oportuno de las atribuciones que tienen asignadas;<\/p>\n\n\n\n<p>V. Administrar t\u00e9cnicamente los sitios de Internet e Intranet del Tribunal Electoral y coordinar con los diferentes \u00f3rganos la publicaci\u00f3n de la informaci\u00f3n de acuerdo (sic) la normatividad que deban cumplir y difundir oportunamente;<\/p>\n\n\n\n<p>VI. Administrar y mantener en \u00f3ptimas condiciones de operaci\u00f3n, los equipos de c\u00f3mputo, conmutador, redes de datos, programas y bases de datos, as\u00ed como las instalaciones del centro de c\u00f3mputo, que brindan los servicios electr\u00f3nicos de voz y datos del Tribunal;<\/p>\n\n\n\n<p>VII. Proporcionar los servicios de Internet, Intranet y correo electr\u00f3nico institucional al personal del Tribunal autorizado, para el desempe\u00f1o de sus funciones, acorde a las necesidades de las \u00e1reas usuarias;<\/p>\n\n\n\n<p>VIII. Promover, dirigir e investigar permanentemente, el uso de nuevas tecnolog\u00edas en materia de inform\u00e1tica, que mantengan y garanticen la modernidad tecnol\u00f3gica, acorde a los est\u00e1ndares internacionales y aplicables al interior del Tribunal;<\/p>\n\n\n\n<p>IX. Establecer los mecanismos de comunicaci\u00f3n e intercambio de informaci\u00f3n en el \u00e1mbito de su competencia, con los diversos organismos electorales nacionales e internacionales, que le sean solicitados de acuerdo con la normativa y convenios celebrados con el Tribunal Electoral;<\/p>\n\n\n\n<p>X. Conocer de los procedimientos de automatizaci\u00f3n que requiera la Coordinaci\u00f3n Administrativa para el desarrollo, implementaci\u00f3n y mantenimiento de los sistemas administrativos;<\/p>\n\n\n\n<p>XI. Coordinar los mecanismos de transmisi\u00f3n de las sesiones p\u00fablicas del Pleno y\/o eventos especiales, a trav\u00e9s de la infraestructura de&nbsp; telecomunicaciones del Tribunal Electoral, y<\/p>\n\n\n\n<p>XII. Las dem\u00e1s previstas en la normativa aplicable o las que le encomiende el Pleno o el Magistrado Presidente.<\/p>\n\n\n\n<p>\u2013 \u2013 \u2013 \u2013 \u2013 \u2013 \u2013 \u2013 \u2013 \u2013 \u2013&nbsp;<\/p>\n\n\n\n<p><strong><em>Art\u00edculo 227 del C\u00f3digo de Instituciones y Procedimientos Electorales de la Ciudad de M\u00e9xico<\/em><\/strong><\/p>\n","protected":false},"excerpt":{"rendered":"<p>Unidad de Servicios Inform\u00e1ticos. Netzahualc\u00f3yotl Flores Rodr\u00edguez Director de la Unidad de Servicios Inform\u00e1ticos nflores@tecdmx.org.mx (55) 5340 4600 Ext. 1198 Atribuciones: I. Elaborar y proponer los procedimientos y lineamientos que [&hellip;]<\/p>\n","protected":false},"author":13,"featured_media":0,"parent":0,"menu_order":0,"comment_status":"closed","ping_status":"closed","template":"","meta":{"_acf_changed":false,"_exactmetrics_skip_tracking":false,"_exactmetrics_sitenote_active":false,"_exactmetrics_sitenote_note":"","_exactmetrics_sitenote_category":0,"footnotes":""},"acf":[],"yoast_head":"<!-- This site is optimized with the Yoast SEO plugin v22.3 - https:\/\/yoast.com\/wordpress\/plugins\/seo\/ -->\n<title>Unidad de Servicios Inform\u00e1ticos - Tribunal Electoral de la Ciudad de M\u00e9xico<\/title>\n<meta name=\"robots\" content=\"index, follow, max-snippet:-1, max-image-preview:large, max-video-preview:-1\" \/>\n<link rel=\"canonical\" href=\"https:\/\/www.tecdmx.org.mx\/index.php\/unidad-de-servicios-informaticos-2\/\" \/>\n<meta property=\"og:locale\" content=\"es_ES\" \/>\n<meta property=\"og:type\" content=\"article\" \/>\n<meta property=\"og:title\" content=\"Unidad de Servicios Inform\u00e1ticos - Tribunal Electoral de la Ciudad de M\u00e9xico\" \/>\n<meta property=\"og:description\" content=\"Unidad de Servicios Inform\u00e1ticos. Netzahualc\u00f3yotl Flores Rodr\u00edguez Director de la Unidad de Servicios Inform\u00e1ticos nflores@tecdmx.org.mx (55) 5340 4600 Ext. 1198 Atribuciones: I. Elaborar y proponer los procedimientos y lineamientos que [&hellip;]\" \/>\n<meta property=\"og:url\" content=\"https:\/\/www.tecdmx.org.mx\/index.php\/unidad-de-servicios-informaticos-2\/\" \/>\n<meta property=\"og:site_name\" content=\"Tribunal Electoral de la Ciudad de M\u00e9xico\" \/>\n<meta property=\"article:publisher\" content=\"https:\/\/www.facebook.com\/TECDMX\/\" \/>\n<meta property=\"article:modified_time\" content=\"2025-10-24T19:10:18+00:00\" \/>\n<meta property=\"og:image\" content=\"https:\/\/www.tecdmx.org.mx\/wp-content\/uploads\/2025\/10\/1716-276x350.jpg\" \/>\n<meta name=\"twitter:card\" content=\"summary_large_image\" \/>\n<meta name=\"twitter:site\" content=\"@tecdmx\" \/>\n<meta name=\"twitter:label1\" content=\"Tiempo de lectura\" \/>\n\t<meta name=\"twitter:data1\" content=\"3 minutos\" \/>\n<script type=\"application\/ld+json\" class=\"yoast-schema-graph\">{\"@context\":\"https:\/\/schema.org\",\"@graph\":[{\"@type\":\"WebPage\",\"@id\":\"https:\/\/www.tecdmx.org.mx\/index.php\/unidad-de-servicios-informaticos-2\/\",\"url\":\"https:\/\/www.tecdmx.org.mx\/index.php\/unidad-de-servicios-informaticos-2\/\",\"name\":\"Unidad de Servicios Inform\u00e1ticos - Tribunal Electoral de la Ciudad de M\u00e9xico\",\"isPartOf\":{\"@id\":\"https:\/\/www.tecdmx.org.mx\/#website\"},\"primaryImageOfPage\":{\"@id\":\"https:\/\/www.tecdmx.org.mx\/index.php\/unidad-de-servicios-informaticos-2\/#primaryimage\"},\"image\":{\"@id\":\"https:\/\/www.tecdmx.org.mx\/index.php\/unidad-de-servicios-informaticos-2\/#primaryimage\"},\"thumbnailUrl\":\"https:\/\/www.tecdmx.org.mx\/wp-content\/uploads\/2025\/10\/1716-276x350.jpg\",\"datePublished\":\"2023-06-23T16:33:21+00:00\",\"dateModified\":\"2025-10-24T19:10:18+00:00\",\"breadcrumb\":{\"@id\":\"https:\/\/www.tecdmx.org.mx\/index.php\/unidad-de-servicios-informaticos-2\/#breadcrumb\"},\"inLanguage\":\"es\",\"potentialAction\":[{\"@type\":\"ReadAction\",\"target\":[\"https:\/\/www.tecdmx.org.mx\/index.php\/unidad-de-servicios-informaticos-2\/\"]}]},{\"@type\":\"ImageObject\",\"inLanguage\":\"es\",\"@id\":\"https:\/\/www.tecdmx.org.mx\/index.php\/unidad-de-servicios-informaticos-2\/#primaryimage\",\"url\":\"https:\/\/www.tecdmx.org.mx\/wp-content\/uploads\/2025\/10\/1716.jpg\",\"contentUrl\":\"https:\/\/www.tecdmx.org.mx\/wp-content\/uploads\/2025\/10\/1716.jpg\",\"width\":296,\"height\":376},{\"@type\":\"BreadcrumbList\",\"@id\":\"https:\/\/www.tecdmx.org.mx\/index.php\/unidad-de-servicios-informaticos-2\/#breadcrumb\",\"itemListElement\":[{\"@type\":\"ListItem\",\"position\":1,\"name\":\"Portada\",\"item\":\"https:\/\/www.tecdmx.org.mx\/\"},{\"@type\":\"ListItem\",\"position\":2,\"name\":\"Unidad de Servicios Inform\u00e1ticos\"}]},{\"@type\":\"WebSite\",\"@id\":\"https:\/\/www.tecdmx.org.mx\/#website\",\"url\":\"https:\/\/www.tecdmx.org.mx\/\",\"name\":\"Tribunal Electoral de la Ciudad de M\u00e9xico\",\"description\":\"25 a\u00f1os garantizando justicia en tu elecci\u00f3n\",\"potentialAction\":[{\"@type\":\"SearchAction\",\"target\":{\"@type\":\"EntryPoint\",\"urlTemplate\":\"https:\/\/www.tecdmx.org.mx\/?s={search_term_string}\"},\"query-input\":\"required name=search_term_string\"}],\"inLanguage\":\"es\"}]}<\/script>\n<!-- \/ Yoast SEO plugin. -->","yoast_head_json":{"title":"Unidad de Servicios Inform\u00e1ticos - Tribunal Electoral de la Ciudad de M\u00e9xico","robots":{"index":"index","follow":"follow","max-snippet":"max-snippet:-1","max-image-preview":"max-image-preview:large","max-video-preview":"max-video-preview:-1"},"canonical":"https:\/\/www.tecdmx.org.mx\/index.php\/unidad-de-servicios-informaticos-2\/","og_locale":"es_ES","og_type":"article","og_title":"Unidad de Servicios Inform\u00e1ticos - Tribunal Electoral de la Ciudad de M\u00e9xico","og_description":"Unidad de Servicios Inform\u00e1ticos. Netzahualc\u00f3yotl Flores Rodr\u00edguez Director de la Unidad de Servicios Inform\u00e1ticos nflores@tecdmx.org.mx (55) 5340 4600 Ext. 1198 Atribuciones: I. Elaborar y proponer los procedimientos y lineamientos que [&hellip;]","og_url":"https:\/\/www.tecdmx.org.mx\/index.php\/unidad-de-servicios-informaticos-2\/","og_site_name":"Tribunal Electoral de la Ciudad de M\u00e9xico","article_publisher":"https:\/\/www.facebook.com\/TECDMX\/","article_modified_time":"2025-10-24T19:10:18+00:00","og_image":[{"url":"https:\/\/www.tecdmx.org.mx\/wp-content\/uploads\/2025\/10\/1716-276x350.jpg"}],"twitter_card":"summary_large_image","twitter_site":"@tecdmx","twitter_misc":{"Tiempo de lectura":"3 minutos"},"schema":{"@context":"https:\/\/schema.org","@graph":[{"@type":"WebPage","@id":"https:\/\/www.tecdmx.org.mx\/index.php\/unidad-de-servicios-informaticos-2\/","url":"https:\/\/www.tecdmx.org.mx\/index.php\/unidad-de-servicios-informaticos-2\/","name":"Unidad de Servicios Inform\u00e1ticos - Tribunal Electoral de la Ciudad de M\u00e9xico","isPartOf":{"@id":"https:\/\/www.tecdmx.org.mx\/#website"},"primaryImageOfPage":{"@id":"https:\/\/www.tecdmx.org.mx\/index.php\/unidad-de-servicios-informaticos-2\/#primaryimage"},"image":{"@id":"https:\/\/www.tecdmx.org.mx\/index.php\/unidad-de-servicios-informaticos-2\/#primaryimage"},"thumbnailUrl":"https:\/\/www.tecdmx.org.mx\/wp-content\/uploads\/2025\/10\/1716-276x350.jpg","datePublished":"2023-06-23T16:33:21+00:00","dateModified":"2025-10-24T19:10:18+00:00","breadcrumb":{"@id":"https:\/\/www.tecdmx.org.mx\/index.php\/unidad-de-servicios-informaticos-2\/#breadcrumb"},"inLanguage":"es","potentialAction":[{"@type":"ReadAction","target":["https:\/\/www.tecdmx.org.mx\/index.php\/unidad-de-servicios-informaticos-2\/"]}]},{"@type":"ImageObject","inLanguage":"es","@id":"https:\/\/www.tecdmx.org.mx\/index.php\/unidad-de-servicios-informaticos-2\/#primaryimage","url":"https:\/\/www.tecdmx.org.mx\/wp-content\/uploads\/2025\/10\/1716.jpg","contentUrl":"https:\/\/www.tecdmx.org.mx\/wp-content\/uploads\/2025\/10\/1716.jpg","width":296,"height":376},{"@type":"BreadcrumbList","@id":"https:\/\/www.tecdmx.org.mx\/index.php\/unidad-de-servicios-informaticos-2\/#breadcrumb","itemListElement":[{"@type":"ListItem","position":1,"name":"Portada","item":"https:\/\/www.tecdmx.org.mx\/"},{"@type":"ListItem","position":2,"name":"Unidad de Servicios Inform\u00e1ticos"}]},{"@type":"WebSite","@id":"https:\/\/www.tecdmx.org.mx\/#website","url":"https:\/\/www.tecdmx.org.mx\/","name":"Tribunal Electoral de la Ciudad de M\u00e9xico","description":"25 a\u00f1os garantizando justicia en tu elecci\u00f3n","potentialAction":[{"@type":"SearchAction","target":{"@type":"EntryPoint","urlTemplate":"https:\/\/www.tecdmx.org.mx\/?s={search_term_string}"},"query-input":"required name=search_term_string"}],"inLanguage":"es"}]}},"_links":{"self":[{"href":"https:\/\/www.tecdmx.org.mx\/index.php\/wp-json\/wp\/v2\/pages\/44242"}],"collection":[{"href":"https:\/\/www.tecdmx.org.mx\/index.php\/wp-json\/wp\/v2\/pages"}],"about":[{"href":"https:\/\/www.tecdmx.org.mx\/index.php\/wp-json\/wp\/v2\/types\/page"}],"author":[{"embeddable":true,"href":"https:\/\/www.tecdmx.org.mx\/index.php\/wp-json\/wp\/v2\/users\/13"}],"replies":[{"embeddable":true,"href":"https:\/\/www.tecdmx.org.mx\/index.php\/wp-json\/wp\/v2\/comments?post=44242"}],"version-history":[{"count":12,"href":"https:\/\/www.tecdmx.org.mx\/index.php\/wp-json\/wp\/v2\/pages\/44242\/revisions"}],"predecessor-version":[{"id":59864,"href":"https:\/\/www.tecdmx.org.mx\/index.php\/wp-json\/wp\/v2\/pages\/44242\/revisions\/59864"}],"wp:attachment":[{"href":"https:\/\/www.tecdmx.org.mx\/index.php\/wp-json\/wp\/v2\/media?parent=44242"}],"curies":[{"name":"wp","href":"https:\/\/api.w.org\/{rel}","templated":true}]}}