{"id":53250,"date":"2024-10-07T14:30:56","date_gmt":"2024-10-07T20:30:56","guid":{"rendered":"https:\/\/www.tecdmx.org.mx\/?page_id=53250"},"modified":"2025-05-16T11:33:38","modified_gmt":"2025-05-16T17:33:38","slug":"conceptos-relevantes","status":"publish","type":"page","link":"https:\/\/www.tecdmx.org.mx\/index.php\/conceptos-relevantes\/","title":{"rendered":"Conceptos relevantes"},"content":{"rendered":"\n<h2 class=\"wp-block-heading\"><span style=\"color:#0A2241;\">Definiciones<\/span><\/h2>\n\n\n\n<div style=\"height:40px\" aria-hidden=\"true\" class=\"wp-block-spacer\"><\/div>\n\n\n\n<figure class=\"wp-block-gallery has-nested-images columns-4 is-cropped wp-block-gallery-1 is-layout-flex wp-block-gallery-is-layout-flex\">\n<figure class=\"wp-block-image size-full\"><a class=\"none-link\" href=\"https:\/\/www.tecdmx.org.mx\/index.php\/conceptos-relevantes\/que-es-un-procedimiento-especial-sancionador\/\"><img loading=\"lazy\" decoding=\"async\" width=\"500\" height=\"148\" data-id=\"49976\" src=\"https:\/\/www.tecdmx.org.mx\/wp-content\/uploads\/2024\/06\/PESAzulReg.png\" alt=\"\" class=\"wp-image-49976\" srcset=\"https:\/\/www.tecdmx.org.mx\/wp-content\/uploads\/2024\/06\/PESAzulReg-446x132.png 446w, https:\/\/www.tecdmx.org.mx\/wp-content\/uploads\/2024\/06\/PESAzulReg.png 500w\" sizes=\"(max-width: 500px) 100vw, 500px\" \/><\/a><\/figure>\n\n\n\n<figure class=\"wp-block-image size-full\"><a class=\"none-link\" href=\"https:\/\/www.tecdmx.org.mx\/index.php\/conceptos-relevantes\/que-es-un-juicio-electoral\/\"><img loading=\"lazy\" decoding=\"async\" width=\"500\" height=\"148\" data-id=\"49974\" src=\"https:\/\/www.tecdmx.org.mx\/wp-content\/uploads\/2024\/06\/JELAzulReg.png\" alt=\"\" class=\"wp-image-49974\" srcset=\"https:\/\/www.tecdmx.org.mx\/wp-content\/uploads\/2024\/06\/JELAzulReg-446x132.png 446w, https:\/\/www.tecdmx.org.mx\/wp-content\/uploads\/2024\/06\/JELAzulReg.png 500w\" sizes=\"(max-width: 500px) 100vw, 500px\" \/><\/a><\/figure>\n\n\n\n<figure class=\"wp-block-image size-full\"><a class=\"none-link\" href=\"https:\/\/www.tecdmx.org.mx\/index.php\/conceptos-relevantes\/que-es-un-juicio-para-la-proteccion-de-los-derechos-de-la-ciudadania\/\"><img loading=\"lazy\" decoding=\"async\" width=\"500\" height=\"148\" data-id=\"49975\" src=\"https:\/\/www.tecdmx.org.mx\/wp-content\/uploads\/2024\/06\/JLDCAzulReg.png\" alt=\"\" class=\"wp-image-49975\" srcset=\"https:\/\/www.tecdmx.org.mx\/wp-content\/uploads\/2024\/06\/JLDCAzulReg-446x132.png 446w, https:\/\/www.tecdmx.org.mx\/wp-content\/uploads\/2024\/06\/JLDCAzulReg.png 500w\" sizes=\"(max-width: 500px) 100vw, 500px\" \/><\/a><\/figure>\n\n\n\n<figure class=\"wp-block-image size-full\"><img loading=\"lazy\" decoding=\"async\" width=\"501\" height=\"149\" data-id=\"49831\" src=\"https:\/\/www.tecdmx.org.mx\/wp-content\/uploads\/2024\/06\/whiteReg.jpg\" alt=\"\" class=\"wp-image-49831\" srcset=\"https:\/\/www.tecdmx.org.mx\/wp-content\/uploads\/2024\/06\/whiteReg-446x133.jpg 446w, https:\/\/www.tecdmx.org.mx\/wp-content\/uploads\/2024\/06\/whiteReg.jpg 501w\" sizes=\"(max-width: 501px) 100vw, 501px\" \/><\/figure>\n<\/figure>\n\n\n\n<div style=\"height:40px\" aria-hidden=\"true\" class=\"wp-block-spacer\"><\/div>\n\n\n\n<h2 class=\"wp-block-heading\"><span style=\"color:#0A2241;\">Gesti\u00f3n Judicial Electoral<\/span><\/h2>\n\n\n\n<div style=\"height:40px\" aria-hidden=\"true\" class=\"wp-block-spacer\"><\/div>\n\n\n\n<figure class=\"wp-block-gallery has-nested-images columns-4 is-cropped wp-block-gallery-2 is-layout-flex wp-block-gallery-is-layout-flex\">\n<figure class=\"wp-block-image size-full\"><a class=\"none-link\" href=\"https:\/\/gje.tecdmx.org.mx\/gje\" target=\"_blank\" rel=\"noreferrer noopener\"><img loading=\"lazy\" decoding=\"async\" width=\"500\" height=\"148\" data-id=\"53260\" src=\"https:\/\/www.tecdmx.org.mx\/wp-content\/uploads\/2024\/10\/BTN-Regular2.png\" alt=\"\" class=\"wp-image-53260\" srcset=\"https:\/\/www.tecdmx.org.mx\/wp-content\/uploads\/2024\/10\/BTN-Regular2-446x132.png 446w, https:\/\/www.tecdmx.org.mx\/wp-content\/uploads\/2024\/10\/BTN-Regular2.png 500w\" sizes=\"(max-width: 500px) 100vw, 500px\" \/><\/a><\/figure>\n\n\n\n<figure class=\"wp-block-image size-full\"><img loading=\"lazy\" decoding=\"async\" width=\"501\" height=\"149\" data-id=\"49831\" src=\"https:\/\/www.tecdmx.org.mx\/wp-content\/uploads\/2024\/06\/whiteReg.jpg\" alt=\"\" class=\"wp-image-49831\" srcset=\"https:\/\/www.tecdmx.org.mx\/wp-content\/uploads\/2024\/06\/whiteReg-446x133.jpg 446w, https:\/\/www.tecdmx.org.mx\/wp-content\/uploads\/2024\/06\/whiteReg.jpg 501w\" sizes=\"(max-width: 501px) 100vw, 501px\" \/><\/figure>\n\n\n\n<figure class=\"wp-block-image size-large\"><img loading=\"lazy\" decoding=\"async\" width=\"501\" height=\"149\" data-id=\"49831\" src=\"https:\/\/www.tecdmx.org.mx\/wp-content\/uploads\/2024\/06\/whiteReg.jpg\" alt=\"\" class=\"wp-image-49831\" srcset=\"https:\/\/www.tecdmx.org.mx\/wp-content\/uploads\/2024\/06\/whiteReg-446x133.jpg 446w, https:\/\/www.tecdmx.org.mx\/wp-content\/uploads\/2024\/06\/whiteReg.jpg 501w\" sizes=\"(max-width: 501px) 100vw, 501px\" \/><\/figure>\n\n\n\n<figure class=\"wp-block-image size-large\"><img loading=\"lazy\" decoding=\"async\" width=\"501\" height=\"149\" data-id=\"49831\" src=\"https:\/\/www.tecdmx.org.mx\/wp-content\/uploads\/2024\/06\/whiteReg.jpg\" alt=\"\" class=\"wp-image-49831\" srcset=\"https:\/\/www.tecdmx.org.mx\/wp-content\/uploads\/2024\/06\/whiteReg-446x133.jpg 446w, https:\/\/www.tecdmx.org.mx\/wp-content\/uploads\/2024\/06\/whiteReg.jpg 501w\" sizes=\"(max-width: 501px) 100vw, 501px\" \/><\/figure>\n<\/figure>\n\n\n\n<div style=\"height:40px\" aria-hidden=\"true\" class=\"wp-block-spacer\"><\/div>\n\n\n\n<p>Si necesitas orientaci\u00f3n o ayuda, contacta a nuestra <a href=\"https:\/\/defensoriaelectoral.tecdmx.org.mx\/\" target=\"_blank\" rel=\"noreferrer noopener\"><span style=\"color:#0866FF;\">Defensor\u00eda P\u00fablica<\/span><\/a><\/p>\n\n\n\n<figure class=\"wp-block-image size-full is-resized\"><img loading=\"lazy\" decoding=\"async\" width=\"479\" height=\"147\" src=\"https:\/\/www.tecdmx.org.mx\/wp-content\/uploads\/2024\/06\/defensoriaLogo.png\" alt=\"\" class=\"wp-image-49838\" style=\"width:202px;height:auto\" srcset=\"https:\/\/www.tecdmx.org.mx\/wp-content\/uploads\/2024\/06\/defensoriaLogo-446x137.png 446w, https:\/\/www.tecdmx.org.mx\/wp-content\/uploads\/2024\/06\/defensoriaLogo.png 479w\" sizes=\"(max-width: 479px) 100vw, 479px\" \/><\/figure>\n\n\n\n<div style=\"height:100px\" aria-hidden=\"true\" class=\"wp-block-spacer\"><\/div>\n","protected":false},"excerpt":{"rendered":"<p>Definiciones Gesti\u00f3n Judicial Electoral Si necesitas orientaci\u00f3n o ayuda, contacta a nuestra Defensor\u00eda P\u00fablica<\/p>\n","protected":false},"author":13,"featured_media":0,"parent":0,"menu_order":0,"comment_status":"closed","ping_status":"closed","template":"","meta":{"_acf_changed":false,"_exactmetrics_skip_tracking":false,"_exactmetrics_sitenote_active":false,"_exactmetrics_sitenote_note":"","_exactmetrics_sitenote_category":0,"footnotes":""},"acf":[],"yoast_head":"<!-- This site is optimized with the Yoast SEO plugin v22.3 - https:\/\/yoast.com\/wordpress\/plugins\/seo\/ -->\n<title>Conceptos relevantes - Tribunal Electoral de la Ciudad de M\u00e9xico<\/title>\n<meta name=\"robots\" content=\"index, follow, max-snippet:-1, max-image-preview:large, max-video-preview:-1\" \/>\n<link rel=\"canonical\" href=\"https:\/\/www.tecdmx.org.mx\/index.php\/conceptos-relevantes\/\" \/>\n<meta property=\"og:locale\" content=\"es_ES\" \/>\n<meta property=\"og:type\" content=\"article\" \/>\n<meta property=\"og:title\" content=\"Conceptos relevantes - Tribunal Electoral de la Ciudad de M\u00e9xico\" \/>\n<meta property=\"og:description\" content=\"Definiciones Gesti\u00f3n Judicial Electoral Si necesitas orientaci\u00f3n o ayuda, contacta a nuestra Defensor\u00eda P\u00fablica\" \/>\n<meta property=\"og:url\" content=\"https:\/\/www.tecdmx.org.mx\/index.php\/conceptos-relevantes\/\" \/>\n<meta property=\"og:site_name\" content=\"Tribunal Electoral de la Ciudad de M\u00e9xico\" \/>\n<meta property=\"article:publisher\" content=\"https:\/\/www.facebook.com\/TECDMX\/\" \/>\n<meta property=\"article:modified_time\" content=\"2025-05-16T17:33:38+00:00\" \/>\n<meta property=\"og:image\" content=\"https:\/\/www.tecdmx.org.mx\/wp-content\/uploads\/2024\/06\/PESAzulReg.png\" \/>\n<meta name=\"twitter:card\" content=\"summary_large_image\" \/>\n<meta name=\"twitter:site\" content=\"@tecdmx\" \/>\n<meta name=\"twitter:label1\" content=\"Tiempo de lectura\" \/>\n\t<meta name=\"twitter:data1\" content=\"2 minutos\" \/>\n<script type=\"application\/ld+json\" class=\"yoast-schema-graph\">{\"@context\":\"https:\/\/schema.org\",\"@graph\":[{\"@type\":\"WebPage\",\"@id\":\"https:\/\/www.tecdmx.org.mx\/index.php\/conceptos-relevantes\/\",\"url\":\"https:\/\/www.tecdmx.org.mx\/index.php\/conceptos-relevantes\/\",\"name\":\"Conceptos relevantes - Tribunal Electoral de la Ciudad de M\u00e9xico\",\"isPartOf\":{\"@id\":\"https:\/\/www.tecdmx.org.mx\/#website\"},\"primaryImageOfPage\":{\"@id\":\"https:\/\/www.tecdmx.org.mx\/index.php\/conceptos-relevantes\/#primaryimage\"},\"image\":{\"@id\":\"https:\/\/www.tecdmx.org.mx\/index.php\/conceptos-relevantes\/#primaryimage\"},\"thumbnailUrl\":\"https:\/\/www.tecdmx.org.mx\/wp-content\/uploads\/2024\/06\/PESAzulReg.png\",\"datePublished\":\"2024-10-07T20:30:56+00:00\",\"dateModified\":\"2025-05-16T17:33:38+00:00\",\"breadcrumb\":{\"@id\":\"https:\/\/www.tecdmx.org.mx\/index.php\/conceptos-relevantes\/#breadcrumb\"},\"inLanguage\":\"es\",\"potentialAction\":[{\"@type\":\"ReadAction\",\"target\":[\"https:\/\/www.tecdmx.org.mx\/index.php\/conceptos-relevantes\/\"]}]},{\"@type\":\"ImageObject\",\"inLanguage\":\"es\",\"@id\":\"https:\/\/www.tecdmx.org.mx\/index.php\/conceptos-relevantes\/#primaryimage\",\"url\":\"https:\/\/www.tecdmx.org.mx\/wp-content\/uploads\/2024\/06\/PESAzulReg.png\",\"contentUrl\":\"https:\/\/www.tecdmx.org.mx\/wp-content\/uploads\/2024\/06\/PESAzulReg.png\",\"width\":500,\"height\":148},{\"@type\":\"BreadcrumbList\",\"@id\":\"https:\/\/www.tecdmx.org.mx\/index.php\/conceptos-relevantes\/#breadcrumb\",\"itemListElement\":[{\"@type\":\"ListItem\",\"position\":1,\"name\":\"Portada\",\"item\":\"https:\/\/www.tecdmx.org.mx\/\"},{\"@type\":\"ListItem\",\"position\":2,\"name\":\"Conceptos relevantes\"}]},{\"@type\":\"WebSite\",\"@id\":\"https:\/\/www.tecdmx.org.mx\/#website\",\"url\":\"https:\/\/www.tecdmx.org.mx\/\",\"name\":\"Tribunal Electoral de la Ciudad de M\u00e9xico\",\"description\":\"25 a\u00f1os garantizando justicia en tu elecci\u00f3n\",\"potentialAction\":[{\"@type\":\"SearchAction\",\"target\":{\"@type\":\"EntryPoint\",\"urlTemplate\":\"https:\/\/www.tecdmx.org.mx\/?s={search_term_string}\"},\"query-input\":\"required name=search_term_string\"}],\"inLanguage\":\"es\"}]}<\/script>\n<!-- \/ Yoast SEO plugin. -->","yoast_head_json":{"title":"Conceptos relevantes - Tribunal Electoral de la Ciudad de M\u00e9xico","robots":{"index":"index","follow":"follow","max-snippet":"max-snippet:-1","max-image-preview":"max-image-preview:large","max-video-preview":"max-video-preview:-1"},"canonical":"https:\/\/www.tecdmx.org.mx\/index.php\/conceptos-relevantes\/","og_locale":"es_ES","og_type":"article","og_title":"Conceptos relevantes - Tribunal Electoral de la Ciudad de M\u00e9xico","og_description":"Definiciones Gesti\u00f3n Judicial Electoral Si necesitas orientaci\u00f3n o ayuda, contacta a nuestra Defensor\u00eda P\u00fablica","og_url":"https:\/\/www.tecdmx.org.mx\/index.php\/conceptos-relevantes\/","og_site_name":"Tribunal Electoral de la Ciudad de M\u00e9xico","article_publisher":"https:\/\/www.facebook.com\/TECDMX\/","article_modified_time":"2025-05-16T17:33:38+00:00","og_image":[{"url":"https:\/\/www.tecdmx.org.mx\/wp-content\/uploads\/2024\/06\/PESAzulReg.png"}],"twitter_card":"summary_large_image","twitter_site":"@tecdmx","twitter_misc":{"Tiempo de lectura":"2 minutos"},"schema":{"@context":"https:\/\/schema.org","@graph":[{"@type":"WebPage","@id":"https:\/\/www.tecdmx.org.mx\/index.php\/conceptos-relevantes\/","url":"https:\/\/www.tecdmx.org.mx\/index.php\/conceptos-relevantes\/","name":"Conceptos relevantes - Tribunal Electoral de la Ciudad de M\u00e9xico","isPartOf":{"@id":"https:\/\/www.tecdmx.org.mx\/#website"},"primaryImageOfPage":{"@id":"https:\/\/www.tecdmx.org.mx\/index.php\/conceptos-relevantes\/#primaryimage"},"image":{"@id":"https:\/\/www.tecdmx.org.mx\/index.php\/conceptos-relevantes\/#primaryimage"},"thumbnailUrl":"https:\/\/www.tecdmx.org.mx\/wp-content\/uploads\/2024\/06\/PESAzulReg.png","datePublished":"2024-10-07T20:30:56+00:00","dateModified":"2025-05-16T17:33:38+00:00","breadcrumb":{"@id":"https:\/\/www.tecdmx.org.mx\/index.php\/conceptos-relevantes\/#breadcrumb"},"inLanguage":"es","potentialAction":[{"@type":"ReadAction","target":["https:\/\/www.tecdmx.org.mx\/index.php\/conceptos-relevantes\/"]}]},{"@type":"ImageObject","inLanguage":"es","@id":"https:\/\/www.tecdmx.org.mx\/index.php\/conceptos-relevantes\/#primaryimage","url":"https:\/\/www.tecdmx.org.mx\/wp-content\/uploads\/2024\/06\/PESAzulReg.png","contentUrl":"https:\/\/www.tecdmx.org.mx\/wp-content\/uploads\/2024\/06\/PESAzulReg.png","width":500,"height":148},{"@type":"BreadcrumbList","@id":"https:\/\/www.tecdmx.org.mx\/index.php\/conceptos-relevantes\/#breadcrumb","itemListElement":[{"@type":"ListItem","position":1,"name":"Portada","item":"https:\/\/www.tecdmx.org.mx\/"},{"@type":"ListItem","position":2,"name":"Conceptos relevantes"}]},{"@type":"WebSite","@id":"https:\/\/www.tecdmx.org.mx\/#website","url":"https:\/\/www.tecdmx.org.mx\/","name":"Tribunal Electoral de la Ciudad de M\u00e9xico","description":"25 a\u00f1os garantizando justicia en tu elecci\u00f3n","potentialAction":[{"@type":"SearchAction","target":{"@type":"EntryPoint","urlTemplate":"https:\/\/www.tecdmx.org.mx\/?s={search_term_string}"},"query-input":"required name=search_term_string"}],"inLanguage":"es"}]}},"_links":{"self":[{"href":"https:\/\/www.tecdmx.org.mx\/index.php\/wp-json\/wp\/v2\/pages\/53250"}],"collection":[{"href":"https:\/\/www.tecdmx.org.mx\/index.php\/wp-json\/wp\/v2\/pages"}],"about":[{"href":"https:\/\/www.tecdmx.org.mx\/index.php\/wp-json\/wp\/v2\/types\/page"}],"author":[{"embeddable":true,"href":"https:\/\/www.tecdmx.org.mx\/index.php\/wp-json\/wp\/v2\/users\/13"}],"replies":[{"embeddable":true,"href":"https:\/\/www.tecdmx.org.mx\/index.php\/wp-json\/wp\/v2\/comments?post=53250"}],"version-history":[{"count":8,"href":"https:\/\/www.tecdmx.org.mx\/index.php\/wp-json\/wp\/v2\/pages\/53250\/revisions"}],"predecessor-version":[{"id":56385,"href":"https:\/\/www.tecdmx.org.mx\/index.php\/wp-json\/wp\/v2\/pages\/53250\/revisions\/56385"}],"wp:attachment":[{"href":"https:\/\/www.tecdmx.org.mx\/index.php\/wp-json\/wp\/v2\/media?parent=53250"}],"curies":[{"name":"wp","href":"https:\/\/api.w.org\/{rel}","templated":true}]}}