{"id":60256,"date":"2025-12-11T11:58:35","date_gmt":"2025-12-11T17:58:35","guid":{"rendered":"https:\/\/www.tecdmx.org.mx\/?page_id=60256"},"modified":"2025-12-11T11:58:36","modified_gmt":"2025-12-11T17:58:36","slug":"raices-por-la-democracia-2024","status":"publish","type":"page","link":"https:\/\/www.tecdmx.org.mx\/index.php\/raices-por-la-democracia-2024\/","title":{"rendered":"Ra\u00edces por la Democracia 2024"},"content":{"rendered":"\n<h1 class=\"wp-block-heading\">Ra\u00edces por la Democracia 2024<\/h1>\n\n\n\n<h3 class=\"wp-block-heading has-text-align-left\">Relatos de sabidur\u00eda: experiencia y reflexiones<\/h3>\n\n\n\n<figure class=\"wp-block-image size-full\"><a href=\"https:\/\/www.tecdmx.org.mx\/wp-content\/uploads\/2025\/12\/Raices-por-la-democracia-2025.12.01.pdf\" target=\"_blank\" rel=\"noreferrer noopener\"><img loading=\"lazy\" decoding=\"async\" width=\"2560\" height=\"1920\" src=\"https:\/\/www.tecdmx.org.mx\/wp-content\/uploads\/2025\/12\/raices2025-scaled.jpg\" alt=\"\" class=\"wp-image-60249\" srcset=\"https:\/\/www.tecdmx.org.mx\/wp-content\/uploads\/2025\/12\/raices2025-333x250.jpg 333w, https:\/\/www.tecdmx.org.mx\/wp-content\/uploads\/2025\/12\/raices2025-467x350.jpg 467w, https:\/\/www.tecdmx.org.mx\/wp-content\/uploads\/2025\/12\/raices2025-768x576.jpg 768w, https:\/\/www.tecdmx.org.mx\/wp-content\/uploads\/2025\/12\/raices2025-1536x1152.jpg 1536w, https:\/\/www.tecdmx.org.mx\/wp-content\/uploads\/2025\/12\/raices2025-2048x1536.jpg 2048w, https:\/\/www.tecdmx.org.mx\/wp-content\/uploads\/2025\/12\/raices2025-scaled.jpg 2560w\" sizes=\"(max-width: 2560px) 100vw, 2560px\" \/><\/a><\/figure>\n","protected":false},"excerpt":{"rendered":"<p>Ra\u00edces por la Democracia 2024 Relatos de sabidur\u00eda: experiencia y reflexiones<\/p>\n","protected":false},"author":13,"featured_media":0,"parent":0,"menu_order":0,"comment_status":"closed","ping_status":"closed","template":"","meta":{"_acf_changed":false,"_exactmetrics_skip_tracking":false,"_exactmetrics_sitenote_active":false,"_exactmetrics_sitenote_note":"","_exactmetrics_sitenote_category":0,"footnotes":""},"acf":[],"yoast_head":"<!-- This site is optimized with the Yoast SEO plugin v22.3 - https:\/\/yoast.com\/wordpress\/plugins\/seo\/ -->\n<title>Ra\u00edces por la Democracia 2024 - Tribunal Electoral de la Ciudad de M\u00e9xico<\/title>\n<meta name=\"robots\" content=\"index, follow, max-snippet:-1, max-image-preview:large, max-video-preview:-1\" \/>\n<link rel=\"canonical\" href=\"https:\/\/www.tecdmx.org.mx\/index.php\/raices-por-la-democracia-2024\/\" \/>\n<meta property=\"og:locale\" content=\"es_ES\" \/>\n<meta property=\"og:type\" content=\"article\" \/>\n<meta property=\"og:title\" content=\"Ra\u00edces por la Democracia 2024 - Tribunal Electoral de la Ciudad de M\u00e9xico\" \/>\n<meta property=\"og:description\" content=\"Ra\u00edces por la Democracia 2024 Relatos de sabidur\u00eda: experiencia y reflexiones\" \/>\n<meta property=\"og:url\" content=\"https:\/\/www.tecdmx.org.mx\/index.php\/raices-por-la-democracia-2024\/\" \/>\n<meta property=\"og:site_name\" content=\"Tribunal Electoral de la Ciudad de M\u00e9xico\" \/>\n<meta property=\"article:publisher\" content=\"https:\/\/www.facebook.com\/TECDMX\/\" \/>\n<meta property=\"article:modified_time\" content=\"2025-12-11T17:58:36+00:00\" \/>\n<meta property=\"og:image\" content=\"https:\/\/www.tecdmx.org.mx\/wp-content\/uploads\/2025\/12\/raices2025-scaled.jpg\" \/>\n<meta name=\"twitter:card\" content=\"summary_large_image\" \/>\n<meta name=\"twitter:site\" content=\"@tecdmx\" \/>\n<meta name=\"twitter:label1\" content=\"Tiempo de lectura\" \/>\n\t<meta name=\"twitter:data1\" content=\"1 minuto\" \/>\n<script type=\"application\/ld+json\" class=\"yoast-schema-graph\">{\"@context\":\"https:\/\/schema.org\",\"@graph\":[{\"@type\":\"WebPage\",\"@id\":\"https:\/\/www.tecdmx.org.mx\/index.php\/raices-por-la-democracia-2024\/\",\"url\":\"https:\/\/www.tecdmx.org.mx\/index.php\/raices-por-la-democracia-2024\/\",\"name\":\"Ra\u00edces por la Democracia 2024 - Tribunal Electoral de la Ciudad de M\u00e9xico\",\"isPartOf\":{\"@id\":\"https:\/\/www.tecdmx.org.mx\/#website\"},\"primaryImageOfPage\":{\"@id\":\"https:\/\/www.tecdmx.org.mx\/index.php\/raices-por-la-democracia-2024\/#primaryimage\"},\"image\":{\"@id\":\"https:\/\/www.tecdmx.org.mx\/index.php\/raices-por-la-democracia-2024\/#primaryimage\"},\"thumbnailUrl\":\"https:\/\/www.tecdmx.org.mx\/wp-content\/uploads\/2025\/12\/raices2025-scaled.jpg\",\"datePublished\":\"2025-12-11T17:58:35+00:00\",\"dateModified\":\"2025-12-11T17:58:36+00:00\",\"breadcrumb\":{\"@id\":\"https:\/\/www.tecdmx.org.mx\/index.php\/raices-por-la-democracia-2024\/#breadcrumb\"},\"inLanguage\":\"es\",\"potentialAction\":[{\"@type\":\"ReadAction\",\"target\":[\"https:\/\/www.tecdmx.org.mx\/index.php\/raices-por-la-democracia-2024\/\"]}]},{\"@type\":\"ImageObject\",\"inLanguage\":\"es\",\"@id\":\"https:\/\/www.tecdmx.org.mx\/index.php\/raices-por-la-democracia-2024\/#primaryimage\",\"url\":\"https:\/\/www.tecdmx.org.mx\/wp-content\/uploads\/2025\/12\/raices2025-scaled.jpg\",\"contentUrl\":\"https:\/\/www.tecdmx.org.mx\/wp-content\/uploads\/2025\/12\/raices2025-scaled.jpg\",\"width\":2560,\"height\":1920},{\"@type\":\"BreadcrumbList\",\"@id\":\"https:\/\/www.tecdmx.org.mx\/index.php\/raices-por-la-democracia-2024\/#breadcrumb\",\"itemListElement\":[{\"@type\":\"ListItem\",\"position\":1,\"name\":\"Portada\",\"item\":\"https:\/\/www.tecdmx.org.mx\/\"},{\"@type\":\"ListItem\",\"position\":2,\"name\":\"Ra\u00edces por la Democracia 2024\"}]},{\"@type\":\"WebSite\",\"@id\":\"https:\/\/www.tecdmx.org.mx\/#website\",\"url\":\"https:\/\/www.tecdmx.org.mx\/\",\"name\":\"Tribunal Electoral de la Ciudad de M\u00e9xico\",\"description\":\"25 a\u00f1os garantizando justicia en tu elecci\u00f3n\",\"potentialAction\":[{\"@type\":\"SearchAction\",\"target\":{\"@type\":\"EntryPoint\",\"urlTemplate\":\"https:\/\/www.tecdmx.org.mx\/?s={search_term_string}\"},\"query-input\":\"required name=search_term_string\"}],\"inLanguage\":\"es\"}]}<\/script>\n<!-- \/ Yoast SEO plugin. -->","yoast_head_json":{"title":"Ra\u00edces por la Democracia 2024 - Tribunal Electoral de la Ciudad de M\u00e9xico","robots":{"index":"index","follow":"follow","max-snippet":"max-snippet:-1","max-image-preview":"max-image-preview:large","max-video-preview":"max-video-preview:-1"},"canonical":"https:\/\/www.tecdmx.org.mx\/index.php\/raices-por-la-democracia-2024\/","og_locale":"es_ES","og_type":"article","og_title":"Ra\u00edces por la Democracia 2024 - Tribunal Electoral de la Ciudad de M\u00e9xico","og_description":"Ra\u00edces por la Democracia 2024 Relatos de sabidur\u00eda: experiencia y reflexiones","og_url":"https:\/\/www.tecdmx.org.mx\/index.php\/raices-por-la-democracia-2024\/","og_site_name":"Tribunal Electoral de la Ciudad de M\u00e9xico","article_publisher":"https:\/\/www.facebook.com\/TECDMX\/","article_modified_time":"2025-12-11T17:58:36+00:00","og_image":[{"url":"https:\/\/www.tecdmx.org.mx\/wp-content\/uploads\/2025\/12\/raices2025-scaled.jpg"}],"twitter_card":"summary_large_image","twitter_site":"@tecdmx","twitter_misc":{"Tiempo de lectura":"1 minuto"},"schema":{"@context":"https:\/\/schema.org","@graph":[{"@type":"WebPage","@id":"https:\/\/www.tecdmx.org.mx\/index.php\/raices-por-la-democracia-2024\/","url":"https:\/\/www.tecdmx.org.mx\/index.php\/raices-por-la-democracia-2024\/","name":"Ra\u00edces por la Democracia 2024 - Tribunal Electoral de la Ciudad de M\u00e9xico","isPartOf":{"@id":"https:\/\/www.tecdmx.org.mx\/#website"},"primaryImageOfPage":{"@id":"https:\/\/www.tecdmx.org.mx\/index.php\/raices-por-la-democracia-2024\/#primaryimage"},"image":{"@id":"https:\/\/www.tecdmx.org.mx\/index.php\/raices-por-la-democracia-2024\/#primaryimage"},"thumbnailUrl":"https:\/\/www.tecdmx.org.mx\/wp-content\/uploads\/2025\/12\/raices2025-scaled.jpg","datePublished":"2025-12-11T17:58:35+00:00","dateModified":"2025-12-11T17:58:36+00:00","breadcrumb":{"@id":"https:\/\/www.tecdmx.org.mx\/index.php\/raices-por-la-democracia-2024\/#breadcrumb"},"inLanguage":"es","potentialAction":[{"@type":"ReadAction","target":["https:\/\/www.tecdmx.org.mx\/index.php\/raices-por-la-democracia-2024\/"]}]},{"@type":"ImageObject","inLanguage":"es","@id":"https:\/\/www.tecdmx.org.mx\/index.php\/raices-por-la-democracia-2024\/#primaryimage","url":"https:\/\/www.tecdmx.org.mx\/wp-content\/uploads\/2025\/12\/raices2025-scaled.jpg","contentUrl":"https:\/\/www.tecdmx.org.mx\/wp-content\/uploads\/2025\/12\/raices2025-scaled.jpg","width":2560,"height":1920},{"@type":"BreadcrumbList","@id":"https:\/\/www.tecdmx.org.mx\/index.php\/raices-por-la-democracia-2024\/#breadcrumb","itemListElement":[{"@type":"ListItem","position":1,"name":"Portada","item":"https:\/\/www.tecdmx.org.mx\/"},{"@type":"ListItem","position":2,"name":"Ra\u00edces por la Democracia 2024"}]},{"@type":"WebSite","@id":"https:\/\/www.tecdmx.org.mx\/#website","url":"https:\/\/www.tecdmx.org.mx\/","name":"Tribunal Electoral de la Ciudad de M\u00e9xico","description":"25 a\u00f1os garantizando justicia en tu elecci\u00f3n","potentialAction":[{"@type":"SearchAction","target":{"@type":"EntryPoint","urlTemplate":"https:\/\/www.tecdmx.org.mx\/?s={search_term_string}"},"query-input":"required name=search_term_string"}],"inLanguage":"es"}]}},"_links":{"self":[{"href":"https:\/\/www.tecdmx.org.mx\/index.php\/wp-json\/wp\/v2\/pages\/60256"}],"collection":[{"href":"https:\/\/www.tecdmx.org.mx\/index.php\/wp-json\/wp\/v2\/pages"}],"about":[{"href":"https:\/\/www.tecdmx.org.mx\/index.php\/wp-json\/wp\/v2\/types\/page"}],"author":[{"embeddable":true,"href":"https:\/\/www.tecdmx.org.mx\/index.php\/wp-json\/wp\/v2\/users\/13"}],"replies":[{"embeddable":true,"href":"https:\/\/www.tecdmx.org.mx\/index.php\/wp-json\/wp\/v2\/comments?post=60256"}],"version-history":[{"count":1,"href":"https:\/\/www.tecdmx.org.mx\/index.php\/wp-json\/wp\/v2\/pages\/60256\/revisions"}],"predecessor-version":[{"id":60257,"href":"https:\/\/www.tecdmx.org.mx\/index.php\/wp-json\/wp\/v2\/pages\/60256\/revisions\/60257"}],"wp:attachment":[{"href":"https:\/\/www.tecdmx.org.mx\/index.php\/wp-json\/wp\/v2\/media?parent=60256"}],"curies":[{"name":"wp","href":"https:\/\/api.w.org\/{rel}","templated":true}]}}

Raíces por la Democracia 2024

<h1 class="wp-block-heading">Raíces por la Democracia 2024</h1>



<h3 class="wp-block-heading has-text-align-left">Relatos de sabiduría: experiencia y reflexiones</h3>



<figure class="wp-block-image size-full"><a href="https://www.tecdmx.org.mx/wp-content/uploads/2025/12/Raices-por-la-democracia-2025.12.01.pdf" target="_blank" rel="noreferrer noopener"><img loading="lazy" decoding="async" width="2560" height="1920" src="https://www.tecdmx.org.mx/wp-content/uploads/2025/12/raices2025-scaled.jpg" alt="" class="wp-image-60249" srcset="https://www.tecdmx.org.mx/wp-content/uploads/2025/12/raices2025-333x250.jpg 333w, https://www.tecdmx.org.mx/wp-content/uploads/2025/12/raices2025-467x350.jpg 467w, https://www.tecdmx.org.mx/wp-content/uploads/2025/12/raices2025-768x576.jpg 768w, https://www.tecdmx.org.mx/wp-content/uploads/2025/12/raices2025-1536x1152.jpg 1536w, https://www.tecdmx.org.mx/wp-content/uploads/2025/12/raices2025-2048x1536.jpg 2048w, https://www.tecdmx.org.mx/wp-content/uploads/2025/12/raices2025-scaled.jpg 2560w" sizes="(max-width: 2560px) 100vw, 2560px" /></a></figure>

<p>Raíces por la Democracia 2024 Relatos de sabiduría: experiencia y reflexiones</p>

<!-- This site is optimized with the Yoast SEO plugin v22.3 - https://yoast.com/wordpress/plugins/seo/ -->
<title>Raíces por la Democracia 2024 - Tribunal Electoral de la Ciudad de México</title>
<meta name="robots" content="index, follow, max-snippet:-1, max-image-preview:large, max-video-preview:-1" />
<link rel="canonical" href="https://www.tecdmx.org.mx/index.php/raices-por-la-democracia-2024/" />
<meta property="og:locale" content="es_ES" />
<meta property="og:type" content="article" />
<meta property="og:title" content="Raíces por la Democracia 2024 - Tribunal Electoral de la Ciudad de México" />
<meta property="og:description" content="Raíces por la Democracia 2024 Relatos de sabiduría: experiencia y reflexiones" />
<meta property="og:url" content="https://www.tecdmx.org.mx/index.php/raices-por-la-democracia-2024/" />
<meta property="og:site_name" content="Tribunal Electoral de la Ciudad de México" />
<meta property="article:publisher" content="https://www.facebook.com/TECDMX/" />
<meta property="article:modified_time" content="2025-12-11T17:58:36+00:00" />
<meta property="og:image" content="https://www.tecdmx.org.mx/wp-content/uploads/2025/12/raices2025-scaled.jpg" />
<meta name="twitter:card" content="summary_large_image" />
<meta name="twitter:site" content="@tecdmx" />
<meta name="twitter:label1" content="Tiempo de lectura" />
	<meta name="twitter:data1" content="1 minuto" />
<script type="application/ld+json" class="yoast-schema-graph">{"@context":"https://schema.org","@graph":[{"@type":"WebPage","@id":"https://www.tecdmx.org.mx/index.php/raices-por-la-democracia-2024/","url":"https://www.tecdmx.org.mx/index.php/raices-por-la-democracia-2024/","name":"Raíces por la Democracia 2024 - Tribunal Electoral de la Ciudad de México","isPartOf":{"@id":"https://www.tecdmx.org.mx/#website"},"primaryImageOfPage":{"@id":"https://www.tecdmx.org.mx/index.php/raices-por-la-democracia-2024/#primaryimage"},"image":{"@id":"https://www.tecdmx.org.mx/index.php/raices-por-la-democracia-2024/#primaryimage"},"thumbnailUrl":"https://www.tecdmx.org.mx/wp-content/uploads/2025/12/raices2025-scaled.jpg","datePublished":"2025-12-11T17:58:35+00:00","dateModified":"2025-12-11T17:58:36+00:00","breadcrumb":{"@id":"https://www.tecdmx.org.mx/index.php/raices-por-la-democracia-2024/#breadcrumb"},"inLanguage":"es","potentialAction":[{"@type":"ReadAction","target":["https://www.tecdmx.org.mx/index.php/raices-por-la-democracia-2024/"]}]},{"@type":"ImageObject","inLanguage":"es","@id":"https://www.tecdmx.org.mx/index.php/raices-por-la-democracia-2024/#primaryimage","url":"https://www.tecdmx.org.mx/wp-content/uploads/2025/12/raices2025-scaled.jpg","contentUrl":"https://www.tecdmx.org.mx/wp-content/uploads/2025/12/raices2025-scaled.jpg","width":2560,"height":1920},{"@type":"BreadcrumbList","@id":"https://www.tecdmx.org.mx/index.php/raices-por-la-democracia-2024/#breadcrumb","itemListElement":[{"@type":"ListItem","position":1,"name":"Portada","item":"https://www.tecdmx.org.mx/"},{"@type":"ListItem","position":2,"name":"Raíces por la Democracia 2024"}]},{"@type":"WebSite","@id":"https://www.tecdmx.org.mx/#website","url":"https://www.tecdmx.org.mx/","name":"Tribunal Electoral de la Ciudad de México","description":"25 años garantizando justicia en tu elección","potentialAction":[{"@type":"SearchAction","target":{"@type":"EntryPoint","urlTemplate":"https://www.tecdmx.org.mx/?s={search_term_string}"},"query-input":"required name=search_term_string"}],"inLanguage":"es"}]}</script>
<!-- / Yoast SEO plugin. -->

Raíces por la Democracia 2024 - Tribunal Electoral de la Ciudad de México

Raíces por la Democracia 2024 Relatos de sabiduría: experiencia y reflexiones

Tribunal Electoral de la Ciudad de México

25 años garantizando justicia en tu elección
